{"id":1023,"date":"2025-11-27T14:20:32","date_gmt":"2025-11-27T14:20:32","guid":{"rendered":"https:\/\/mvz-sports.com\/fr\/joueur\/oscar-mingueza-garcia\/"},"modified":"2026-01-02T23:33:36","modified_gmt":"2026-01-02T22:33:36","slug":"oscar-mingueza-garcia","status":"publish","type":"joueur","link":"https:\/\/mvz-sports.com\/fr\/football\/players\/oscar-mingueza-garcia","title":{"rendered":"\u00d3scar Mingueza Garc\u00eda"},"content":{"rendered":"<div class=\"column column-2\">\n<div>\n<\/div>\n<div>\n<p>\u00d3scar Mingueza, n\u00e9 le 13 mai 1999 \u00e0 Santa Perp\u00e8tua de Mogoda, est un footballeur international espagnol \u00e9voluant comme d\u00e9fenseur central au Celta de Vigo. Form\u00e9 d\u00e8s son jeune \u00e2ge au FC Barcelone, il y a gravi tous les \u00e9chelons jusqu&rsquo;\u00e0 int\u00e9grer l&rsquo;\u00e9quipe premi\u00e8re. Mingueza a sign\u00e9 son premier contrat professionnel avec le Bar\u00e7a en 2018, int\u00e9grant l&rsquo;\u00e9quipe senior lors de la saison 2020-2021 en raison de plusieurs blessures dans l&rsquo;\u00e9quipe.<\/p>\n<\/div>\n<\/div>\n<p>Il fait ses d\u00e9buts en Ligue des Champions contre le Dynamo Kiev en novembre 2020, fournissant une passe d\u00e9cisive lors de ce match. Peu apr\u00e8s, il joue son premier match en Liga contre Osasuna. Mingueza se distingue par sa polyvalence en d\u00e9fense, capable de jouer tant en central qu&rsquo;en lat\u00e9ral. En juillet 2022, il rejoint le Celta de Vigo, continuant son d\u00e9veloppement en Liga.<\/p>\n<p>Sur la sc\u00e8ne internationale, apr\u00e8s avoir repr\u00e9sent\u00e9 l&rsquo;Espagne dans les cat\u00e9gories de jeunes, Mingueza re\u00e7oit sa premi\u00e8re convocation en \u00e9quipe senior en mars 2021. Il fait ses d\u00e9buts lors d&rsquo;un match contre la Lituanie, jou\u00e9 par des joueurs espagnols espoirs en raison des mesures de quarantaine affectant l&rsquo;\u00e9quipe principale. En plus de son parcours en club, Mingueza a \u00e9galement remport\u00e9 une m\u00e9daille d&rsquo;argent avec l&rsquo;\u00e9quipe olympique espagnole aux Jeux de 2021.<\/p>\n","protected":false},"excerpt":{"rendered":"<p>\u00d3scar Mingueza, n\u00e9 le 13 mai 1999 \u00e0 Santa Perp\u00e8tua de Mogoda, est un footballeur international espagnol \u00e9voluant comme d\u00e9fenseur central au Celta de Vigo. Form\u00e9 d\u00e8s son jeune \u00e2ge au FC Barcelone, il y a gravi tous les \u00e9chelons jusqu&rsquo;\u00e0 int\u00e9grer l&rsquo;\u00e9quipe premi\u00e8re. Mingueza a sign\u00e9 son premier contrat professionnel avec le Bar\u00e7a en [&hellip;]<\/p>\n","protected":false},"author":1,"featured_media":32006,"template":"","categories":[1],"tags":[],"class_list":["post-1023","joueur","type-joueur","status-publish","has-post-thumbnail","hentry","category-football"],"acf":{"api_football_id":162712,"club_api_id":"538","relation_club_actuel":3076,"nom_joueur":"\u00d3scar Mingueza Garc\u00eda","date_naissance":"1999-05-13","nationalite":"Espagne","taille":"184","poids":"75","poste":"Milieu de terrain","club_actuel":"Celta Vigo","logo_club_actuel":"https:\/\/media.api-sports.io\/football\/teams\/538.png","statistiques_saisons":[{"saison":"2025","competition":"UEFA Europa League","equipe":"Celta Vigo","matchs":5,"buts":0,"passes_decisives":1,"minutes_jouees":337,"note_moyenne":"7.18","cartons_jaunes":1,"cartons_rouges":0},{"saison":"2025","competition":"Copa del Rey","equipe":"Celta Vigo","matchs":2,"buts":0,"passes_decisives":1,"minutes_jouees":240,"note_moyenne":"7","cartons_jaunes":0,"cartons_rouges":0},{"saison":"2025","competition":"La Liga","equipe":"Celta Vigo","matchs":14,"buts":1,"passes_decisives":2,"minutes_jouees":853,"note_moyenne":"7.06","cartons_jaunes":1,"cartons_rouges":0},{"saison":"2024","competition":"La Liga","equipe":"Celta Vigo","matchs":34,"buts":4,"passes_decisives":6,"minutes_jouees":2741,"note_moyenne":"7.115151","cartons_jaunes":6,"cartons_rouges":1},{"saison":"2024","competition":"Copa del Rey","equipe":"Celta Vigo","matchs":2,"buts":0,"passes_decisives":0,"minutes_jouees":165,"note_moyenne":"6.450000","cartons_jaunes":1,"cartons_rouges":0},{"saison":"2024","competition":"UEFA Nations League","equipe":"Spain","matchs":8,"buts":0,"passes_decisives":0,"minutes_jouees":184,"note_moyenne":"6.550000","cartons_jaunes":0,"cartons_rouges":0},{"saison":"2023","competition":"La Liga","equipe":"Celta Vigo","matchs":38,"buts":2,"passes_decisives":2,"minutes_jouees":3002,"note_moyenne":"7.015789","cartons_jaunes":4,"cartons_rouges":0},{"saison":"2023","competition":"Copa del Rey","equipe":"Celta Vigo","matchs":3,"buts":0,"passes_decisives":0,"minutes_jouees":116,"note_moyenne":"6.500000","cartons_jaunes":0,"cartons_rouges":0}],"historique_transferts":[{"field_transfer_date_v2":"2022-08-02","field_transfer_from_v2":"Barcelona","field_transfer_from_link":"3092","field_transfer_logo_from_v2":"https:\/\/media.api-sports.io\/football\/teams\/529.png","field_transfer_to_v2":"Celta Vigo","field_transfer_logo_to_v2":"https:\/\/media.api-sports.io\/football\/teams\/538.png","field_transfer_type_v2":"Libre","date":null,"montant":null,"club_from":null,"club_to":null,"logo_club_from":null,"logo_club_to":null}],"palmares":[{"saison":"2021\/2022","competition":"La Liga","pays":"Spain","resultat":"Finaliste"},{"saison":"2021","competition":"Trofeo Joan Gamper","pays":"World","resultat":"Vainqueur"},{"saison":"2021","competition":"Super Cup","pays":"Spain","resultat":"Finaliste"},{"saison":"2021","competition":"Olympics Men","pays":"World","resultat":"Finaliste"},{"saison":"2020\/2021","competition":"Copa del Rey","pays":"Spain","resultat":"Vainqueur"},{"saison":"2020","competition":"Trofeo Joan Gamper","pays":"World","resultat":"Vainqueur"},{"saison":"2019\/2020","competition":"La Liga","pays":"Spain","resultat":"Finaliste"},{"saison":"2017\/2018","competition":"UEFA Youth League","pays":"Europe","resultat":"Vainqueur"},{"saison":"","competition":"La Liga","pays":"Spain","resultat":"Finaliste"},{"saison":"","competition":"Trofeo Joan Gamper","pays":"World","resultat":"Vainqueur"},{"saison":"","competition":"Copa del Rey","pays":"Spain","resultat":"Vainqueur"},{"saison":"","competition":"Super Cup","pays":"Spain","resultat":"Finaliste"},{"saison":"","competition":"UEFA Youth League","pays":"Europe","resultat":"Vainqueur"},{"saison":"","competition":"Olympics Men","pays":"World","resultat":"Finaliste"}],"historique_blessures":[{"type":"Foot Injury","debut":"2025-05-11","fin":"2025-05-12","matchs_manques":0},{"type":"Blessure \u00e0 la cuisse","debut":"2024-09-23","fin":"2024-09-28","matchs_manques":0},{"type":"Ischio-jambiers","debut":"2023-02-25","fin":"2023-05-11","matchs_manques":0},{"type":"Maladie\/Virus","debut":"2022-04-28","fin":"2022-05-05","matchs_manques":0},{"type":"Ischio-jambiers","debut":"2021-08-01","fin":"2021-08-20","matchs_manques":0}],"pro_depuis":"","club_actuel_url":"","instagram":"","twitter":"","tiktok":"","source_id":"68c342d116b0cf94a83df511","schema_id":"football-players_oscar-mingueza","statistiques":null,"link_club":null,"link_club_test":null,"pied_fort":false,"equipementier":"","dernier_transfert_date":"2022-08-02","dernier_transfert_montant":"Free","contenus":"OK"},"_links":{"self":[{"href":"https:\/\/mvz-sports.com\/fr\/wp-json\/wp\/v2\/joueur\/1023","targetHints":{"allow":["GET"]}}],"collection":[{"href":"https:\/\/mvz-sports.com\/fr\/wp-json\/wp\/v2\/joueur"}],"about":[{"href":"https:\/\/mvz-sports.com\/fr\/wp-json\/wp\/v2\/types\/joueur"}],"author":[{"embeddable":true,"href":"https:\/\/mvz-sports.com\/fr\/wp-json\/wp\/v2\/users\/1"}],"version-history":[{"count":0,"href":"https:\/\/mvz-sports.com\/fr\/wp-json\/wp\/v2\/joueur\/1023\/revisions"}],"acf:post":[{"embeddable":true,"href":"https:\/\/mvz-sports.com\/fr\/wp-json\/wp\/v2\/club\/3076"}],"wp:featuredmedia":[{"embeddable":true,"href":"https:\/\/mvz-sports.com\/fr\/wp-json\/wp\/v2\/media\/32006"}],"wp:attachment":[{"href":"https:\/\/mvz-sports.com\/fr\/wp-json\/wp\/v2\/media?parent=1023"}],"wp:term":[{"taxonomy":"category","embeddable":true,"href":"https:\/\/mvz-sports.com\/fr\/wp-json\/wp\/v2\/categories?post=1023"},{"taxonomy":"post_tag","embeddable":true,"href":"https:\/\/mvz-sports.com\/fr\/wp-json\/wp\/v2\/tags?post=1023"}],"curies":[{"name":"wp","href":"https:\/\/api.w.org\/{rel}","templated":true}]}}

Óscar Mingueza García

<div class="column column-2">
<div>
</div>
<div>
<p>Óscar Mingueza, né le 13 mai 1999 à Santa Perpètua de Mogoda, est un footballeur international espagnol évoluant comme défenseur central au Celta de Vigo. Formé dès son jeune âge au FC Barcelone, il y a gravi tous les échelons jusqu&rsquo;à intégrer l&rsquo;équipe première. Mingueza a signé son premier contrat professionnel avec le Barça en 2018, intégrant l&rsquo;équipe senior lors de la saison 2020-2021 en raison de plusieurs blessures dans l&rsquo;équipe.</p>
</div>
</div>
<p>Il fait ses débuts en Ligue des Champions contre le Dynamo Kiev en novembre 2020, fournissant une passe décisive lors de ce match. Peu après, il joue son premier match en Liga contre Osasuna. Mingueza se distingue par sa polyvalence en défense, capable de jouer tant en central qu&rsquo;en latéral. En juillet 2022, il rejoint le Celta de Vigo, continuant son développement en Liga.</p>
<p>Sur la scène internationale, après avoir représenté l&rsquo;Espagne dans les catégories de jeunes, Mingueza reçoit sa première convocation en équipe senior en mars 2021. Il fait ses débuts lors d&rsquo;un match contre la Lituanie, joué par des joueurs espagnols espoirs en raison des mesures de quarantaine affectant l&rsquo;équipe principale. En plus de son parcours en club, Mingueza a également remporté une médaille d&rsquo;argent avec l&rsquo;équipe olympique espagnole aux Jeux de 2021.</p>

<p>Óscar Mingueza, né le 13 mai 1999 à Santa Perpètua de Mogoda, est un footballeur international espagnol évoluant comme défenseur central au Celta de Vigo. Formé dès son jeune âge au FC Barcelone, il y a gravi tous les échelons jusqu&rsquo;à intégrer l&rsquo;équipe première. Mingueza a signé son premier contrat professionnel avec le Barça en [&hellip;]</p>

Blessure à la cuisse
