{"id":1135,"date":"2025-11-27T14:20:42","date_gmt":"2025-11-27T14:20:42","guid":{"rendered":"https:\/\/mvz-sports.com\/fr\/joueur\/arthur-augusto-de-matos-soares\/"},"modified":"2026-01-02T22:58:44","modified_gmt":"2026-01-02T21:58:44","slug":"arthur-augusto-de-matos-soares","status":"publish","type":"joueur","link":"https:\/\/mvz-sports.com\/fr\/football\/players\/arthur-augusto-de-matos-soares","title":{"rendered":"Arthur Augusto de Matos Soares"},"content":{"rendered":"<div class=\"column column-2\">\n<div>\n<\/div>\n<div>\n<p>Arthur Augusto de Matos Soares, plus simplement appel\u00e9 Arthur, est n\u00e9 le 17 mars 2003 \u00e0 Belo Horizonte au Br\u00e9sil. Il est un footballeur international br\u00e9silien \u00e9voluant au poste d&rsquo;arri\u00e8re droit au Bayer Leverkusen.<\/p>\n<\/div>\n<\/div>\n<p>Arthur commence sa carri\u00e8re professionnelle avec l&rsquo;Am\u00e9rica Mineiro apr\u00e8s un pr\u00eat non concluant au Flamengo. Il fait ses d\u00e9buts en janvier 2022 lors d&rsquo;une d\u00e9faite contre Caldense en Campeonato Mineiro. En 2023, il rejoint le Bayer Leverkusen en Bundesliga.<\/p>\n<p>Avec l&rsquo;\u00e9quipe du Br\u00e9sil des moins de 20 ans, il participe au Championnat d&rsquo;Am\u00e9rique du Sud 2023, remport\u00e9 par le Br\u00e9sil.<\/p>\n<p>Palmar\u00e8s :<\/p>\n<p>&#8211; Champion d&rsquo;Allemagne en 2024 avec le Bayer Leverkusen<br \/>\n&#8211; Vainqueur du Championnat d&rsquo;Am\u00e9rique du Sud des moins de 20 ans avec le Br\u00e9sil en 2023<\/p>\n","protected":false},"excerpt":{"rendered":"<p>Arthur Augusto de Matos Soares, plus simplement appel\u00e9 Arthur, est n\u00e9 le 17 mars 2003 \u00e0 Belo Horizonte au Br\u00e9sil. Il est un footballeur international br\u00e9silien \u00e9voluant au poste d&rsquo;arri\u00e8re droit au Bayer Leverkusen. Arthur commence sa carri\u00e8re professionnelle avec l&rsquo;Am\u00e9rica Mineiro apr\u00e8s un pr\u00eat non concluant au Flamengo. Il fait ses d\u00e9buts en janvier [&hellip;]<\/p>\n","protected":false},"author":1,"featured_media":31640,"template":"","categories":[1],"tags":[],"class_list":["post-1135","joueur","type-joueur","status-publish","has-post-thumbnail","hentry","category-football"],"acf":{"api_football_id":352375,"club_api_id":"168","relation_club_actuel":3109,"nom_joueur":"Arthur Augusto de Matos Soares","date_naissance":"2003-03-17","nationalite":"Br\u00e9sil","taille":"173","poids":"70","poste":"Milieu de terrain","club_actuel":"Bayer Leverkusen","logo_club_actuel":"https:\/\/media.api-sports.io\/football\/teams\/168.png","statistiques_saisons":[{"saison":"2025","competition":"DFB Pokal","equipe":"Bayer Leverkusen","matchs":2,"buts":1,"passes_decisives":0,"minutes_jouees":156,"note_moyenne":"7.35","cartons_jaunes":0,"cartons_rouges":0},{"saison":"2025","competition":"UEFA Champions League","equipe":"Bayer Leverkusen","matchs":4,"buts":0,"passes_decisives":0,"minutes_jouees":317,"note_moyenne":"6.35","cartons_jaunes":0,"cartons_rouges":0},{"saison":"2025","competition":"Bundesliga","equipe":"Bayer Leverkusen","matchs":8,"buts":0,"passes_decisives":3,"minutes_jouees":578,"note_moyenne":"6.68","cartons_jaunes":2,"cartons_rouges":0},{"saison":"2024","competition":"Bundesliga","equipe":"Bayer Leverkusen","matchs":31,"buts":0,"passes_decisives":1,"minutes_jouees":765,"note_moyenne":"6.511111","cartons_jaunes":1,"cartons_rouges":0},{"saison":"2024","competition":"DFB Pokal","equipe":"Bayer Leverkusen","matchs":5,"buts":0,"passes_decisives":0,"minutes_jouees":161,"note_moyenne":"6.866666","cartons_jaunes":0,"cartons_rouges":0},{"saison":"2024","competition":"UEFA Champions League","equipe":"Bayer Leverkusen","matchs":10,"buts":0,"passes_decisives":0,"minutes_jouees":106,"note_moyenne":"6.500000","cartons_jaunes":0,"cartons_rouges":0},{"saison":"2023","competition":"Serie A","equipe":"America Mineiro","matchs":1,"buts":0,"passes_decisives":0,"minutes_jouees":90,"note_moyenne":"5.700000","cartons_jaunes":0,"cartons_rouges":0},{"saison":"2023","competition":"Mineiro - 1","equipe":"America Mineiro","matchs":1,"buts":0,"passes_decisives":0,"minutes_jouees":90,"note_moyenne":"5.700000","cartons_jaunes":0,"cartons_rouges":0},{"saison":"2023","competition":"Bundesliga","equipe":"Bayer Leverkusen","matchs":4,"buts":0,"passes_decisives":2,"minutes_jouees":184,"note_moyenne":"7.025000","cartons_jaunes":0,"cartons_rouges":0},{"saison":"2023","competition":"DFB Pokal","equipe":"Bayer Leverkusen","matchs":1,"buts":0,"passes_decisives":0,"minutes_jouees":21,"note_moyenne":"6.200000","cartons_jaunes":0,"cartons_rouges":0},{"saison":"2023","competition":"Copa Do Brasil","equipe":"America Mineiro","matchs":3,"buts":0,"passes_decisives":0,"minutes_jouees":258,"note_moyenne":"N\/A","cartons_jaunes":0,"cartons_rouges":0},{"saison":"2023","competition":"CONMEBOL Sudamericana","equipe":"America Mineiro","matchs":1,"buts":0,"passes_decisives":1,"minutes_jouees":90,"note_moyenne":"7.300000","cartons_jaunes":0,"cartons_rouges":0},{"saison":"2023","competition":"World Cup - U20","equipe":"Brazil U20","matchs":3,"buts":0,"passes_decisives":0,"minutes_jouees":270,"note_moyenne":"7.000000","cartons_jaunes":2,"cartons_rouges":0},{"saison":"2023","competition":"Sudamericano U20","equipe":"Brazil U20","matchs":3,"buts":0,"passes_decisives":0,"minutes_jouees":270,"note_moyenne":"7.000000","cartons_jaunes":2,"cartons_rouges":0}],"historique_transferts":[{"field_transfer_date_v2":"2023-07-01","field_transfer_from_v2":"America Mineiro","field_transfer_from_link":null,"field_transfer_logo_from_v2":"https:\/\/media.api-sports.io\/football\/teams\/125.png","field_transfer_to_v2":"Bayer Leverkusen","field_transfer_logo_to_v2":"https:\/\/media.api-sports.io\/football\/teams\/168.png","field_transfer_type_v2":"\u20ac 7M","date":null,"montant":null,"club_from":null,"club_to":null,"logo_club_from":null,"logo_club_to":null}],"palmares":[{"saison":"2024\/2025","competition":"Bundesliga","pays":"Germany","resultat":"Finaliste"},{"saison":"2024","competition":"Super Cup","pays":"Germany","resultat":"Vainqueur"},{"saison":"2023\/2024","competition":"DFB Pokal","pays":"Germany","resultat":"Vainqueur"},{"saison":"2023\/2024","competition":"Bundesliga","pays":"Germany","resultat":"Vainqueur"},{"saison":"2023\/2024","competition":"UEFA Europa League","pays":"Europe","resultat":"Finaliste"},{"saison":"2023","competition":"Mineiro 1","pays":"Brazil","resultat":"Finaliste"},{"saison":"2023","competition":"CONMEBOL U20","pays":"South America","resultat":"Vainqueur"},{"saison":"","competition":"Mineiro 1","pays":"Brazil","resultat":"Finaliste"},{"saison":"","competition":"DFB Pokal","pays":"Germany","resultat":"Vainqueur"},{"saison":"","competition":"Bundesliga","pays":"Germany","resultat":"Vainqueur"},{"saison":"","competition":"Bundesliga","pays":"Germany","resultat":"Finaliste"},{"saison":"","competition":"Super Cup","pays":"Germany","resultat":"Vainqueur"},{"saison":"","competition":"CONMEBOL U20","pays":"South America","resultat":"Vainqueur"},{"saison":"","competition":"UEFA Europa League","pays":"Europe","resultat":"Finaliste"}],"historique_blessures":[{"type":"Ischio-jambiers","debut":"2023-09-11","fin":"2024-04-01","matchs_manques":0}],"pro_depuis":"","club_actuel_url":"","instagram":"","twitter":"","tiktok":"","source_id":"68c342db16b0cf94a83df584","schema_id":"football-players_arthur-augusto-de-matos-soares","statistiques":null,"link_club":null,"link_club_test":null,"pied_fort":false,"equipementier":"","dernier_transfert_date":"2023-07-01","dernier_transfert_montant":"\u20ac 7M","contenus":"OK"},"_links":{"self":[{"href":"https:\/\/mvz-sports.com\/fr\/wp-json\/wp\/v2\/joueur\/1135","targetHints":{"allow":["GET"]}}],"collection":[{"href":"https:\/\/mvz-sports.com\/fr\/wp-json\/wp\/v2\/joueur"}],"about":[{"href":"https:\/\/mvz-sports.com\/fr\/wp-json\/wp\/v2\/types\/joueur"}],"author":[{"embeddable":true,"href":"https:\/\/mvz-sports.com\/fr\/wp-json\/wp\/v2\/users\/1"}],"version-history":[{"count":0,"href":"https:\/\/mvz-sports.com\/fr\/wp-json\/wp\/v2\/joueur\/1135\/revisions"}],"acf:post":[{"embeddable":true,"href":"https:\/\/mvz-sports.com\/fr\/wp-json\/wp\/v2\/club\/3109"}],"wp:featuredmedia":[{"embeddable":true,"href":"https:\/\/mvz-sports.com\/fr\/wp-json\/wp\/v2\/media\/31640"}],"wp:attachment":[{"href":"https:\/\/mvz-sports.com\/fr\/wp-json\/wp\/v2\/media?parent=1135"}],"wp:term":[{"taxonomy":"category","embeddable":true,"href":"https:\/\/mvz-sports.com\/fr\/wp-json\/wp\/v2\/categories?post=1135"},{"taxonomy":"post_tag","embeddable":true,"href":"https:\/\/mvz-sports.com\/fr\/wp-json\/wp\/v2\/tags?post=1135"}],"curies":[{"name":"wp","href":"https:\/\/api.w.org\/{rel}","templated":true}]}}

<div class="column column-2">
<div>
</div>
<div>
<p>Arthur Augusto de Matos Soares, plus simplement appelé Arthur, est né le 17 mars 2003 à Belo Horizonte au Brésil. Il est un footballeur international brésilien évoluant au poste d&rsquo;arrière droit au Bayer Leverkusen.</p>
</div>
</div>
<p>Arthur commence sa carrière professionnelle avec l&rsquo;América Mineiro après un prêt non concluant au Flamengo. Il fait ses débuts en janvier 2022 lors d&rsquo;une défaite contre Caldense en Campeonato Mineiro. En 2023, il rejoint le Bayer Leverkusen en Bundesliga.</p>
<p>Avec l&rsquo;équipe du Brésil des moins de 20 ans, il participe au Championnat d&rsquo;Amérique du Sud 2023, remporté par le Brésil.</p>
<p>Palmarès :</p>
<p>&#8211; Champion d&rsquo;Allemagne en 2024 avec le Bayer Leverkusen<br />
&#8211; Vainqueur du Championnat d&rsquo;Amérique du Sud des moins de 20 ans avec le Brésil en 2023</p>

<p>Arthur Augusto de Matos Soares, plus simplement appelé Arthur, est né le 17 mars 2003 à Belo Horizonte au Brésil. Il est un footballeur international brésilien évoluant au poste d&rsquo;arrière droit au Bayer Leverkusen. Arthur commence sa carrière professionnelle avec l&rsquo;América Mineiro après un prêt non concluant au Flamengo. Il fait ses débuts en janvier [&hellip;]</p>

Brésil
