{"id":1154,"date":"2025-11-27T14:20:44","date_gmt":"2025-11-27T14:20:44","guid":{"rendered":"https:\/\/mvz-sports.com\/fr\/joueur\/tiago-maria-antunes-gouveia\/"},"modified":"2026-01-03T22:49:39","modified_gmt":"2026-01-03T21:49:39","slug":"tiago-maria-antunes-gouveia","status":"publish","type":"joueur","link":"https:\/\/mvz-sports.com\/fr\/football\/players\/tiago-maria-antunes-gouveia","title":{"rendered":"Tiago Maria Antunes Gouveia"},"content":{"rendered":"<div class=\"column column-2\">\n<div>\n<\/div>\n<div>\n<p>Tiago Gouveia, n\u00e9 le 18 juin 2001 \u00e0 Lisbonne au Portugal, mesure 1,76 m et \u00e9volue au poste d&rsquo;ailier droit au Benfica Lisbonne.<\/p>\n<\/div>\n<\/div>\n<p>Il passe par les \u00e9quipes de jeunes du Sporting CP avant de rejoindre le centre de formation du Benfica Lisbonne le 4 juillet 2017. Il y poursuit sa formation et int\u00e8gre l&rsquo;\u00e9quipe B du club, o\u00f9 il joue r\u00e9guli\u00e8rement. Le 27 juillet 2022, Tiago Gouveia est pr\u00eat\u00e9 pour une saison au GD Estoril-Praia, o\u00f9 il continue \u00e0 se d\u00e9velopper en \u00e9quipe premi\u00e8re.<\/p>\n<p>En s\u00e9lection, Gouveia se distingue d\u00e8s ses d\u00e9buts avec les moins de 16 ans, inscrivant plusieurs buts contre des \u00e9quipes comme la Belgique, la Su\u00e8de et la Turquie. Il continue sur cette lanc\u00e9e avec les moins de 18 ans en marquant contre la Pologne et la Norv\u00e8ge. En 2019, il est s\u00e9lectionn\u00e9 pour participer au championnat d&rsquo;Europe des moins de 19 ans avec le Portugal. Il y inscrit un doubl\u00e9 lors d&rsquo;une victoire contre l&rsquo;Arm\u00e9nie et participe \u00e0 la finale perdue face \u00e0 l&rsquo;Espagne. Gouveia fait ensuite ses d\u00e9buts avec l&rsquo;\u00e9quipe du Portugal espoirs le 18 novembre 2022, lors d&rsquo;une victoire contre la Tch\u00e9quie.<\/p>\n<p>En plus de ses performances en club, il continue \u00e0 repr\u00e9senter son pays dans diff\u00e9rentes comp\u00e9titions internationales, notamment avec les espoirs.<\/p>\n","protected":false},"excerpt":{"rendered":"<p>Tiago Gouveia, n\u00e9 le 18 juin 2001 \u00e0 Lisbonne au Portugal, mesure 1,76 m et \u00e9volue au poste d&rsquo;ailier droit au Benfica Lisbonne. Il passe par les \u00e9quipes de jeunes du Sporting CP avant de rejoindre le centre de formation du Benfica Lisbonne le 4 juillet 2017. Il y poursuit sa formation et int\u00e8gre l&rsquo;\u00e9quipe [&hellip;]<\/p>\n","protected":false},"author":1,"featured_media":33121,"template":"","categories":[1],"tags":[],"class_list":["post-1154","joueur","type-joueur","status-publish","has-post-thumbnail","hentry","category-football"],"acf":{"api_football_id":158065,"club_api_id":"211","relation_club_actuel":null,"nom_joueur":"Tiago Maria Antunes Gouveia","date_naissance":"2001-06-18","nationalite":"Portugal","taille":"176","poids":"70","poste":"Attaquant","club_actuel":"Benfica","logo_club_actuel":"https:\/\/media.api-sports.io\/football\/teams\/211.png","statistiques_saisons":[{"saison":"2025","competition":"FIFA Club World Cup","equipe":"Benfica","matchs":4,"buts":0,"passes_decisives":1,"minutes_jouees":65,"note_moyenne":"6.633333","cartons_jaunes":2,"cartons_rouges":0},{"saison":"2025","competition":"Friendlies Clubs","equipe":"Nice","matchs":4,"buts":0,"passes_decisives":1,"minutes_jouees":65,"note_moyenne":"6.633333","cartons_jaunes":2,"cartons_rouges":0},{"saison":"2025","competition":"UEFA Champions League","equipe":"Benfica","matchs":1,"buts":0,"passes_decisives":0,"minutes_jouees":14,"note_moyenne":"6.3","cartons_jaunes":0,"cartons_rouges":0},{"saison":"2025","competition":"UEFA Europa League","equipe":"Nice","matchs":5,"buts":0,"passes_decisives":0,"minutes_jouees":259,"note_moyenne":"6.74","cartons_jaunes":1,"cartons_rouges":0},{"saison":"2025","competition":"Coupe de France","equipe":"Nice","matchs":1,"buts":0,"passes_decisives":0,"minutes_jouees":27,"note_moyenne":"6.3","cartons_jaunes":0,"cartons_rouges":0},{"saison":"2025","competition":"Ligue 1","equipe":"Nice","matchs":9,"buts":0,"passes_decisives":0,"minutes_jouees":379,"note_moyenne":"6.5","cartons_jaunes":1,"cartons_rouges":0},{"saison":"2025","competition":"Primeira Liga","equipe":"Benfica","matchs":1,"buts":0,"passes_decisives":0,"minutes_jouees":1,"note_moyenne":"N\/A","cartons_jaunes":0,"cartons_rouges":0},{"saison":"2024","competition":"Segunda Liga","equipe":"Benfica B","matchs":2,"buts":0,"passes_decisives":0,"minutes_jouees":106,"note_moyenne":"N\/A","cartons_jaunes":0,"cartons_rouges":0},{"saison":"2024","competition":"Primeira Liga","equipe":"Benfica","matchs":4,"buts":1,"passes_decisives":1,"minutes_jouees":100,"note_moyenne":"7.225000","cartons_jaunes":1,"cartons_rouges":0},{"saison":"2024","competition":"Super Cup","equipe":"Benfica","matchs":2,"buts":0,"passes_decisives":0,"minutes_jouees":1,"note_moyenne":"N\/A","cartons_jaunes":0,"cartons_rouges":0},{"saison":"2024","competition":"Ta\u00e7a de Portugal","equipe":"Benfica","matchs":2,"buts":0,"passes_decisives":0,"minutes_jouees":104,"note_moyenne":"N\/A","cartons_jaunes":0,"cartons_rouges":0},{"saison":"2023","competition":"Segunda Liga","equipe":"Benfica B","matchs":1,"buts":0,"passes_decisives":0,"minutes_jouees":90,"note_moyenne":"N\/A","cartons_jaunes":0,"cartons_rouges":0},{"saison":"2023","competition":"Primeira Liga","equipe":"Benfica","matchs":13,"buts":2,"passes_decisives":3,"minutes_jouees":532,"note_moyenne":"6.991666","cartons_jaunes":1,"cartons_rouges":0},{"saison":"2023","competition":"Ta\u00e7a da Liga","equipe":"Benfica","matchs":3,"buts":1,"passes_decisives":0,"minutes_jouees":87,"note_moyenne":"N\/A","cartons_jaunes":1,"cartons_rouges":0},{"saison":"2023","competition":"Ta\u00e7a de Portugal","equipe":"Benfica","matchs":5,"buts":1,"passes_decisives":0,"minutes_jouees":28,"note_moyenne":"N\/A","cartons_jaunes":0,"cartons_rouges":0},{"saison":"2023","competition":"UEFA Europa League","equipe":"Benfica","matchs":2,"buts":0,"passes_decisives":0,"minutes_jouees":6,"note_moyenne":"6.700000","cartons_jaunes":0,"cartons_rouges":0},{"saison":"2023","competition":"UEFA Champions League","equipe":"Benfica","matchs":3,"buts":0,"passes_decisives":0,"minutes_jouees":28,"note_moyenne":"6.900000","cartons_jaunes":0,"cartons_rouges":0},{"saison":"2023","competition":"Friendlies Clubs","equipe":"Benfica","matchs":1,"buts":0,"passes_decisives":0,"minutes_jouees":15,"note_moyenne":"N\/A","cartons_jaunes":0,"cartons_rouges":0}],"historique_transferts":[{"field_transfer_date_v2":"","field_transfer_from_v2":"","field_transfer_from_link":null,"field_transfer_logo_from_v2":"","field_transfer_to_v2":"","field_transfer_logo_to_v2":"","field_transfer_type_v2":"","date":null,"montant":null,"club_from":null,"club_to":null,"logo_club_from":null,"logo_club_to":null},{"field_transfer_date_v2":"","field_transfer_from_v2":"","field_transfer_from_link":null,"field_transfer_logo_from_v2":"","field_transfer_to_v2":"","field_transfer_logo_to_v2":"","field_transfer_type_v2":"","date":null,"montant":null,"club_from":null,"club_to":null,"logo_club_from":null,"logo_club_to":null},{"field_transfer_date_v2":"","field_transfer_from_v2":"","field_transfer_from_link":null,"field_transfer_logo_from_v2":"","field_transfer_to_v2":"","field_transfer_logo_to_v2":"","field_transfer_type_v2":"","date":null,"montant":null,"club_from":null,"club_to":null,"logo_club_from":null,"logo_club_to":null},{"field_transfer_date_v2":"","field_transfer_from_v2":"","field_transfer_from_link":null,"field_transfer_logo_from_v2":"","field_transfer_to_v2":"","field_transfer_logo_to_v2":"","field_transfer_type_v2":"","date":null,"montant":null,"club_from":null,"club_to":null,"logo_club_from":null,"logo_club_to":null}],"palmares":[{"saison":"2025","competition":"Super Cup","pays":"Portugal","resultat":"Vainqueur"},{"saison":"2024\/2025","competition":"Primeira Liga","pays":"Portugal","resultat":"Finaliste"},{"saison":"2024\/2025","competition":"Ta\u00e7a de Portugal","pays":"Portugal","resultat":"Finaliste"},{"saison":"2024\/2025","competition":"Ta\u00e7a da Liga","pays":"Portugal","resultat":"Vainqueur"},{"saison":"2023\/2024","competition":"Primeira Liga","pays":"Portugal","resultat":"Finaliste"},{"saison":"2023","competition":"Super Cup","pays":"Portugal","resultat":"Vainqueur"},{"saison":"2019\/2020","competition":"UEFA Youth League","pays":"Europe","resultat":"Finaliste"},{"saison":"2018\/2019","competition":"J\u00faniores U19","pays":"Portugal","resultat":"Finaliste"},{"saison":"2018\/2019","competition":"UEFA U19 Championship","pays":"Europe","resultat":"Finaliste"},{"saison":"","competition":"J\u00faniores U19","pays":"Portugal","resultat":"Finaliste"},{"saison":"","competition":"Super Cup","pays":"Portugal","resultat":"Vainqueur"},{"saison":"","competition":"Primeira Liga","pays":"Portugal","resultat":"Finaliste"},{"saison":"","competition":"Ta\u00e7a de Portugal","pays":"Portugal","resultat":"Finaliste"},{"saison":"","competition":"Ta\u00e7a da Liga","pays":"Portugal","resultat":"Vainqueur"},{"saison":"","competition":"UEFA U19 Championship","pays":"Europe","resultat":"Finaliste"},{"saison":"","competition":"UEFA Youth League","pays":"Europe","resultat":"Finaliste"}],"historique_blessures":[{"type":"Blessure Genou","debut":"2025-01-01","fin":"2025-03-30","matchs_manques":0}],"pro_depuis":"","club_actuel_url":"","instagram":"","twitter":"","tiktok":"","source_id":"68c342dd16b0cf94a83df598","schema_id":"football-players_tiago-gouveia","statistiques":null,"link_club":null,"link_club_test":null,"pied_fort":false,"equipementier":"","dernier_transfert_date":"2023-07-01","dernier_transfert_montant":"N\/A","contenus":"OK"},"_links":{"self":[{"href":"https:\/\/mvz-sports.com\/fr\/wp-json\/wp\/v2\/joueur\/1154","targetHints":{"allow":["GET"]}}],"collection":[{"href":"https:\/\/mvz-sports.com\/fr\/wp-json\/wp\/v2\/joueur"}],"about":[{"href":"https:\/\/mvz-sports.com\/fr\/wp-json\/wp\/v2\/types\/joueur"}],"author":[{"embeddable":true,"href":"https:\/\/mvz-sports.com\/fr\/wp-json\/wp\/v2\/users\/1"}],"version-history":[{"count":0,"href":"https:\/\/mvz-sports.com\/fr\/wp-json\/wp\/v2\/joueur\/1154\/revisions"}],"wp:featuredmedia":[{"embeddable":true,"href":"https:\/\/mvz-sports.com\/fr\/wp-json\/wp\/v2\/media\/33121"}],"wp:attachment":[{"href":"https:\/\/mvz-sports.com\/fr\/wp-json\/wp\/v2\/media?parent=1154"}],"wp:term":[{"taxonomy":"category","embeddable":true,"href":"https:\/\/mvz-sports.com\/fr\/wp-json\/wp\/v2\/categories?post=1154"},{"taxonomy":"post_tag","embeddable":true,"href":"https:\/\/mvz-sports.com\/fr\/wp-json\/wp\/v2\/tags?post=1154"}],"curies":[{"name":"wp","href":"https:\/\/api.w.org\/{rel}","templated":true}]}}

<div class="column column-2">
<div>
</div>
<div>
<p>Tiago Gouveia, né le 18 juin 2001 à Lisbonne au Portugal, mesure 1,76 m et évolue au poste d&rsquo;ailier droit au Benfica Lisbonne.</p>
</div>
</div>
<p>Il passe par les équipes de jeunes du Sporting CP avant de rejoindre le centre de formation du Benfica Lisbonne le 4 juillet 2017. Il y poursuit sa formation et intègre l&rsquo;équipe B du club, où il joue régulièrement. Le 27 juillet 2022, Tiago Gouveia est prêté pour une saison au GD Estoril-Praia, où il continue à se développer en équipe première.</p>
<p>En sélection, Gouveia se distingue dès ses débuts avec les moins de 16 ans, inscrivant plusieurs buts contre des équipes comme la Belgique, la Suède et la Turquie. Il continue sur cette lancée avec les moins de 18 ans en marquant contre la Pologne et la Norvège. En 2019, il est sélectionné pour participer au championnat d&rsquo;Europe des moins de 19 ans avec le Portugal. Il y inscrit un doublé lors d&rsquo;une victoire contre l&rsquo;Arménie et participe à la finale perdue face à l&rsquo;Espagne. Gouveia fait ensuite ses débuts avec l&rsquo;équipe du Portugal espoirs le 18 novembre 2022, lors d&rsquo;une victoire contre la Tchéquie.</p>
<p>En plus de ses performances en club, il continue à représenter son pays dans différentes compétitions internationales, notamment avec les espoirs.</p>

<p>Tiago Gouveia, né le 18 juin 2001 à Lisbonne au Portugal, mesure 1,76 m et évolue au poste d&rsquo;ailier droit au Benfica Lisbonne. Il passe par les équipes de jeunes du Sporting CP avant de rejoindre le centre de formation du Benfica Lisbonne le 4 juillet 2017. Il y poursuit sa formation et intègre l&rsquo;équipe [&hellip;]</p>

Taça de Portugal

Taça da Liga

Júniores U19
