{"id":1166,"date":"2025-11-27T14:20:45","date_gmt":"2025-11-27T14:20:45","guid":{"rendered":"https:\/\/mvz-sports.com\/fr\/joueur\/ramiz-larbi-zerrouki\/"},"modified":"2026-01-09T22:35:10","modified_gmt":"2026-01-09T21:35:10","slug":"ramiz-larbi-zerrouki","status":"publish","type":"joueur","link":"https:\/\/mvz-sports.com\/fr\/football\/players\/ramiz-larbi-zerrouki","title":{"rendered":"Ramiz Larbi Zerrouki"},"content":{"rendered":"<div class=\"column column-2\">\n<div>\n<\/div>\n<div>\n<p>Ramiz Zerrouki, n\u00e9 le 26 mai 1998 \u00e0 Amsterdam, est un footballeur international alg\u00e9rien qui \u00e9volue au poste de milieu de terrain au Feyenoord Rotterdam.<\/p>\n<\/div>\n<\/div>\n<p>Ramiz Zerrouki voit le jour \u00e0 Amsterdam, o\u00f9 son p\u00e8re, Karim Zerrouki, un Alg\u00e9rien originaire de Sidi Bel Abb\u00e8s, s&rsquo;est install\u00e9 aux Pays-Bas en 2004 apr\u00e8s avoir v\u00e9cu en France. Sa m\u00e8re est n\u00e9erlandaise. Ramiz grandit uniquement avec sa m\u00e8re, rendant souvent visite \u00e0 sa famille en France et en Alg\u00e9rie. Durant sa jeunesse, Zerrouki joue et est form\u00e9 \u00e0 l&rsquo;Ajax Amsterdam avant d&rsquo;int\u00e9grer la section jeunes du FC Twente. Lors de la saison 2017-2018, il joue avec le Jong FC Twente en troisi\u00e8me division, o\u00f9 il marque son seul but lors de la victoire 3-0 \u00e0 l&rsquo;ext\u00e9rieur contre les VV Harkemase Boys. Depuis, le Jong FC Twente a \u00e9t\u00e9 retir\u00e9 de la troisi\u00e8me division et joue dans la Beloften Eredivisie.<\/p>\n<p>Ramiz fait ses d\u00e9buts professionnels le 30 novembre 2019 contre De Treffers en Coupe des Pays-Bas, o\u00f9 il ne joue que huit minutes. Le 31 mars 2019, il prolonge son contrat d&rsquo;un an avec le club, esp\u00e9rant int\u00e9grer l\u2019\u00e9quipe premi\u00e8re. Apr\u00e8s un changement d&rsquo;entra\u00eeneur avec l&rsquo;arriv\u00e9e de Ron Jans, il retrouve les premiers plans du club et est convoqu\u00e9 pour un match amical contre le Feyenoord Rotterdam le 16 ao\u00fbt 2020, o\u00f9 il ne joue qu&rsquo;une mi-temps. Son premier match officiel sous les ordres de Ron Jans se d\u00e9roule le 20 septembre 2020, contre le Feyenoord Rotterdam, o\u00f9 il est remplac\u00e9 \u00e0 la 65e minute. Lors du match contre le FC Emmen le 3 octobre 2020, il r\u00e9alise sa premi\u00e8re passe d\u00e9cisive en profitant d&rsquo;une erreur d\u00e9fensive.<\/p>\n<p>Natif des Pays-Bas mais d&rsquo;origine alg\u00e9rienne, Ramiz Zerrouki pouvait choisir de repr\u00e9senter les Pays-Bas ou l&rsquo;Alg\u00e9rie. Il a toujours affirm\u00e9 son d\u00e9sir de jouer pour l\u2019\u00e9quipe nationale alg\u00e9rienne. En mars 2021, il est officiellement convoqu\u00e9 pour les matchs contre la Zambie et le Botswana dans le cadre des \u00e9liminatoires de la CAN 2021. Il fait ses d\u00e9buts avec l\u2019Alg\u00e9rie le 25 mars 2021 contre la Zambie, entrant \u00e0 la 61e minute. Il marque son premier but en s\u00e9lection le 2 septembre 2021 contre Djibouti lors des \u00e9liminatoires du mondial 2022. En janvier 2022, il fait partie des joueurs s\u00e9lectionn\u00e9s pour la Coupe d&rsquo;Afrique des nations 2021. Le 29 d\u00e9cembre 2023, il est retenu pour disputer la Coupe d&rsquo;Afrique des nations 2023.<\/p>\n","protected":false},"excerpt":{"rendered":"<p>Ramiz Zerrouki, n\u00e9 le 26 mai 1998 \u00e0 Amsterdam, est un footballeur international alg\u00e9rien qui \u00e9volue au poste de milieu de terrain au Feyenoord Rotterdam. Ramiz Zerrouki voit le jour \u00e0 Amsterdam, o\u00f9 son p\u00e8re, Karim Zerrouki, un Alg\u00e9rien originaire de Sidi Bel Abb\u00e8s, s&rsquo;est install\u00e9 aux Pays-Bas en 2004 apr\u00e8s avoir v\u00e9cu en France. [&hellip;]<\/p>\n","protected":false},"author":1,"featured_media":33105,"template":"","categories":[1],"tags":[],"class_list":["post-1166","joueur","type-joueur","status-publish","has-post-thumbnail","hentry","category-football"],"acf":{"api_football_id":129047,"club_api_id":"1532","relation_club_actuel":34343,"nom_joueur":"Ramiz Larbi Zerrouki","date_naissance":"1998-05-26","nationalite":"Alg\u00e9rie","taille":"183","poids":"76","poste":"Milieu de terrain","club_actuel":"Algeria","logo_club_actuel":"https:\/\/media.api-sports.io\/football\/teams\/1532.png","statistiques_saisons":[{"saison":"2025","competition":"Eredivisie","equipe":"Feyenoord","matchs":6,"buts":1,"passes_decisives":0,"minutes_jouees":498,"note_moyenne":"7.200000","cartons_jaunes":0,"cartons_rouges":0},{"saison":"2025","competition":"Friendlies Clubs","equipe":"Feyenoord","matchs":1,"buts":0,"passes_decisives":0,"minutes_jouees":90,"note_moyenne":"6.900000","cartons_jaunes":1,"cartons_rouges":0},{"saison":"2025","competition":"Africa Cup of Nations Qualification","equipe":"Algeria","matchs":5,"buts":0,"passes_decisives":1,"minutes_jouees":431,"note_moyenne":"7.075000","cartons_jaunes":2,"cartons_rouges":0},{"saison":"2025","competition":"Eredivisie","equipe":"Twente","matchs":16,"buts":1,"passes_decisives":1,"minutes_jouees":1383,"note_moyenne":"7.14","cartons_jaunes":2,"cartons_rouges":0},{"saison":"2025","competition":"Africa Cup of Nations","equipe":"Algeria","matchs":3,"buts":0,"passes_decisives":1,"minutes_jouees":106,"note_moyenne":"6.9","cartons_jaunes":0,"cartons_rouges":0},{"saison":"2024","competition":"Eredivisie","equipe":"Feyenoord","matchs":27,"buts":1,"passes_decisives":2,"minutes_jouees":1096,"note_moyenne":"6.900000","cartons_jaunes":3,"cartons_rouges":1},{"saison":"2024","competition":"UEFA Champions League","equipe":"Feyenoord","matchs":6,"buts":0,"passes_decisives":0,"minutes_jouees":111,"note_moyenne":"6.500000","cartons_jaunes":0,"cartons_rouges":0},{"saison":"2024","competition":"Friendlies","equipe":"Algeria","matchs":3,"buts":0,"passes_decisives":0,"minutes_jouees":153,"note_moyenne":"N\/A","cartons_jaunes":0,"cartons_rouges":0},{"saison":"2024","competition":"KNVB Beker","equipe":"Feyenoord","matchs":1,"buts":0,"passes_decisives":0,"minutes_jouees":90,"note_moyenne":"7.200000","cartons_jaunes":0,"cartons_rouges":0},{"saison":"2023","competition":"Eredivisie","equipe":"Feyenoord","matchs":26,"buts":0,"passes_decisives":0,"minutes_jouees":1381,"note_moyenne":"7.019230","cartons_jaunes":3,"cartons_rouges":0},{"saison":"2023","competition":"KNVB Beker","equipe":"Feyenoord","matchs":2,"buts":0,"passes_decisives":0,"minutes_jouees":99,"note_moyenne":"N\/A","cartons_jaunes":0,"cartons_rouges":0},{"saison":"2023","competition":"UEFA Europa League","equipe":"Feyenoord","matchs":2,"buts":0,"passes_decisives":0,"minutes_jouees":151,"note_moyenne":"6.800000","cartons_jaunes":0,"cartons_rouges":0},{"saison":"2023","competition":"UEFA Champions League","equipe":"Feyenoord","matchs":5,"buts":1,"passes_decisives":0,"minutes_jouees":355,"note_moyenne":"7.040000","cartons_jaunes":2,"cartons_rouges":0},{"saison":"2023","competition":"Friendlies Clubs","equipe":"Feyenoord","matchs":4,"buts":0,"passes_decisives":0,"minutes_jouees":200,"note_moyenne":"N\/A","cartons_jaunes":0,"cartons_rouges":0},{"saison":"2023","competition":"World Cup - Qualification Africa","equipe":"Algeria","matchs":4,"buts":1,"passes_decisives":0,"minutes_jouees":206,"note_moyenne":"N\/A","cartons_jaunes":0,"cartons_rouges":0},{"saison":"2023","competition":"Africa Cup of Nations Qualification","equipe":"Algeria","matchs":4,"buts":0,"passes_decisives":0,"minutes_jouees":279,"note_moyenne":"6.950000","cartons_jaunes":1,"cartons_rouges":0},{"saison":"2023","competition":"Africa Cup of Nations","equipe":"Algeria","matchs":3,"buts":0,"passes_decisives":0,"minutes_jouees":199,"note_moyenne":"6.700000","cartons_jaunes":0,"cartons_rouges":0},{"saison":"2023","competition":"Friendlies","equipe":"Algeria","matchs":4,"buts":1,"passes_decisives":0,"minutes_jouees":291,"note_moyenne":"N\/A","cartons_jaunes":1,"cartons_rouges":0},{"saison":"2023","competition":"Super Cup","equipe":"Feyenoord","matchs":1,"buts":0,"passes_decisives":0,"minutes_jouees":90,"note_moyenne":"7.200000","cartons_jaunes":0,"cartons_rouges":0}],"historique_transferts":[{"field_transfer_date_v2":"2023-06-22","field_transfer_from_v2":"Twente","field_transfer_from_link":null,"field_transfer_logo_from_v2":"https:\/\/media.api-sports.io\/football\/teams\/415.png","field_transfer_to_v2":"Feyenoord","field_transfer_logo_to_v2":"https:\/\/media.api-sports.io\/football\/teams\/209.png","field_transfer_type_v2":"N\/A","date":null,"montant":null,"club_from":null,"club_to":null,"logo_club_from":null,"logo_club_to":null},{"field_transfer_date_v2":"2025-07-30","field_transfer_from_v2":"Feyenoord","field_transfer_from_link":"34343","field_transfer_logo_from_v2":"https:\/\/media.api-sports.io\/football\/teams\/209.png","field_transfer_to_v2":"Twente","field_transfer_logo_to_v2":"https:\/\/media.api-sports.io\/football\/teams\/415.png","field_transfer_type_v2":"Pr\u00eat","date":null,"montant":null,"club_from":null,"club_to":null,"logo_club_from":null,"logo_club_to":null},{"field_transfer_date_v2":"2025-07-29","field_transfer_from_v2":"Feyenoord","field_transfer_from_link":"34343","field_transfer_logo_from_v2":"https:\/\/media.api-sports.io\/football\/teams\/209.png","field_transfer_to_v2":"Twente","field_transfer_logo_to_v2":"https:\/\/media.api-sports.io\/football\/teams\/415.png","field_transfer_type_v2":"Pr\u00eat","date":null,"montant":null,"club_from":null,"club_to":null,"logo_club_from":null,"logo_club_to":null}],"palmares":[{"saison":"2024","competition":"Super Cup","pays":"Netherlands","resultat":"Vainqueur"},{"saison":"2023\/2024","competition":"Eredivisie","pays":"Netherlands","resultat":"Finaliste"},{"saison":"2023\/2024","competition":"KNVB Beker","pays":"Netherlands","resultat":"Vainqueur"},{"saison":"2023","competition":"Super Cup","pays":"Netherlands","resultat":"Finaliste"},{"saison":"","competition":"Super Cup","pays":"Netherlands","resultat":"Vainqueur"},{"saison":"","competition":"Super Cup","pays":"Netherlands","resultat":"Finaliste"},{"saison":"","competition":"Eredivisie","pays":"Netherlands","resultat":"Finaliste"},{"saison":"","competition":"KNVB Beker","pays":"Netherlands","resultat":"Vainqueur"}],"historique_blessures":[{"type":"Leg Injury","debut":"2025-01-21","fin":"2025-03-28","matchs_manques":0}],"pro_depuis":"","club_actuel_url":"","instagram":"","twitter":"","tiktok":"","source_id":"68c342de16b0cf94a83df5a4","schema_id":"football-players_ramiz-zerrouki","statistiques":null,"link_club":null,"link_club_test":null,"pied_fort":false,"equipementier":"","dernier_transfert_date":"2023-07-01","dernier_transfert_montant":"N\/A","contenus":"OK"},"_links":{"self":[{"href":"https:\/\/mvz-sports.com\/fr\/wp-json\/wp\/v2\/joueur\/1166","targetHints":{"allow":["GET"]}}],"collection":[{"href":"https:\/\/mvz-sports.com\/fr\/wp-json\/wp\/v2\/joueur"}],"about":[{"href":"https:\/\/mvz-sports.com\/fr\/wp-json\/wp\/v2\/types\/joueur"}],"author":[{"embeddable":true,"href":"https:\/\/mvz-sports.com\/fr\/wp-json\/wp\/v2\/users\/1"}],"version-history":[{"count":0,"href":"https:\/\/mvz-sports.com\/fr\/wp-json\/wp\/v2\/joueur\/1166\/revisions"}],"acf:post":[{"embeddable":true,"href":"https:\/\/mvz-sports.com\/fr\/wp-json\/wp\/v2\/club\/34343"}],"wp:featuredmedia":[{"embeddable":true,"href":"https:\/\/mvz-sports.com\/fr\/wp-json\/wp\/v2\/media\/33105"}],"wp:attachment":[{"href":"https:\/\/mvz-sports.com\/fr\/wp-json\/wp\/v2\/media?parent=1166"}],"wp:term":[{"taxonomy":"category","embeddable":true,"href":"https:\/\/mvz-sports.com\/fr\/wp-json\/wp\/v2\/categories?post=1166"},{"taxonomy":"post_tag","embeddable":true,"href":"https:\/\/mvz-sports.com\/fr\/wp-json\/wp\/v2\/tags?post=1166"}],"curies":[{"name":"wp","href":"https:\/\/api.w.org\/{rel}","templated":true}]}}

<div class="column column-2">
<div>
</div>
<div>
<p>Ramiz Zerrouki, né le 26 mai 1998 à Amsterdam, est un footballeur international algérien qui évolue au poste de milieu de terrain au Feyenoord Rotterdam.</p>
</div>
</div>
<p>Ramiz Zerrouki voit le jour à Amsterdam, où son père, Karim Zerrouki, un Algérien originaire de Sidi Bel Abbès, s&rsquo;est installé aux Pays-Bas en 2004 après avoir vécu en France. Sa mère est néerlandaise. Ramiz grandit uniquement avec sa mère, rendant souvent visite à sa famille en France et en Algérie. Durant sa jeunesse, Zerrouki joue et est formé à l&rsquo;Ajax Amsterdam avant d&rsquo;intégrer la section jeunes du FC Twente. Lors de la saison 2017-2018, il joue avec le Jong FC Twente en troisième division, où il marque son seul but lors de la victoire 3-0 à l&rsquo;extérieur contre les VV Harkemase Boys. Depuis, le Jong FC Twente a été retiré de la troisième division et joue dans la Beloften Eredivisie.</p>
<p>Ramiz fait ses débuts professionnels le 30 novembre 2019 contre De Treffers en Coupe des Pays-Bas, où il ne joue que huit minutes. Le 31 mars 2019, il prolonge son contrat d&rsquo;un an avec le club, espérant intégrer l’équipe première. Après un changement d&rsquo;entraîneur avec l&rsquo;arrivée de Ron Jans, il retrouve les premiers plans du club et est convoqué pour un match amical contre le Feyenoord Rotterdam le 16 août 2020, où il ne joue qu&rsquo;une mi-temps. Son premier match officiel sous les ordres de Ron Jans se déroule le 20 septembre 2020, contre le Feyenoord Rotterdam, où il est remplacé à la 65e minute. Lors du match contre le FC Emmen le 3 octobre 2020, il réalise sa première passe décisive en profitant d&rsquo;une erreur défensive.</p>
<p>Natif des Pays-Bas mais d&rsquo;origine algérienne, Ramiz Zerrouki pouvait choisir de représenter les Pays-Bas ou l&rsquo;Algérie. Il a toujours affirmé son désir de jouer pour l’équipe nationale algérienne. En mars 2021, il est officiellement convoqué pour les matchs contre la Zambie et le Botswana dans le cadre des éliminatoires de la CAN 2021. Il fait ses débuts avec l’Algérie le 25 mars 2021 contre la Zambie, entrant à la 61e minute. Il marque son premier but en sélection le 2 septembre 2021 contre Djibouti lors des éliminatoires du mondial 2022. En janvier 2022, il fait partie des joueurs sélectionnés pour la Coupe d&rsquo;Afrique des nations 2021. Le 29 décembre 2023, il est retenu pour disputer la Coupe d&rsquo;Afrique des nations 2023.</p>

<p>Ramiz Zerrouki, né le 26 mai 1998 à Amsterdam, est un footballeur international algérien qui évolue au poste de milieu de terrain au Feyenoord Rotterdam. Ramiz Zerrouki voit le jour à Amsterdam, où son père, Karim Zerrouki, un Algérien originaire de Sidi Bel Abbès, s&rsquo;est installé aux Pays-Bas en 2004 après avoir vécu en France. [&hellip;]</p>

Algérie

Prêt
