{"id":1202,"date":"2025-11-27T14:20:48","date_gmt":"2025-11-27T14:20:48","guid":{"rendered":"https:\/\/mvz-sports.com\/fr\/joueur\/santiago-comesana-veiga\/"},"modified":"2026-01-03T22:37:18","modified_gmt":"2026-01-03T21:37:18","slug":"santiago-comesana-veiga","status":"publish","type":"joueur","link":"https:\/\/mvz-sports.com\/fr\/football\/players\/santiago-comesana-veiga","title":{"rendered":"Santiago Comesa\u00f1a Veiga"},"content":{"rendered":"<div class=\"column column-2\">\n<div>\n<\/div>\n<div>\n<p>Santiago Comesa\u00f1a Veiga, n\u00e9 le 5 octobre 1996 \u00e0 Vigo en Espagne, mesure 1,84 m et est un footballeur espagnol \u00e9voluant au poste de milieu central au Villarreal CF.<\/p>\n<\/div>\n<\/div>\n<p>N\u00e9 \u00e0 Vigo, Santi Comesa\u00f1a est form\u00e9 \u00e0 l&rsquo;ED Val Mi\u00f1or avant de rejoindre le Coruxo FC, un club de troisi\u00e8me division espagnole, le 9 juillet 2015. Il fait ses d\u00e9buts en championnat le 22 juillet 2015 face \u00e0 l&rsquo;Atl\u00e9tico Astorga FC, o\u00f9 il est titularis\u00e9 et marque \u00e9galement son premier but, contribuant \u00e0 la victoire 3-2 de son \u00e9quipe. Le 6 d\u00e9cembre 2015, il se distingue en r\u00e9alisant un tripl\u00e9 lors d&rsquo;une large victoire 5-1 contre le SD Compostelle.<\/p>\n<p>Le 16 juillet 2016, Comesa\u00f1a s&rsquo;engage avec le Rayo Vallecano, club de deuxi\u00e8me division espagnole. Rapidement, il devient un \u00e9l\u00e9ment important de l&rsquo;\u00e9quipe. Il prolonge son contrat avec le club jusqu&rsquo;en juin 2023. \u00c0 l&rsquo;issue de la saison 2017-2018, le Rayo Vallecano est sacr\u00e9 champion de deuxi\u00e8me division, ce qui constitue le premier titre majeur de sa carri\u00e8re. Il fait ses d\u00e9buts en Liga lors de la saison 2018-2019, participant \u00e0 25 matchs et inscrivant son premier but dans l&rsquo;\u00e9lite espagnole le 20 janvier 2019 contre la Real Sociedad (2-2).<\/p>\n<p>Comesa\u00f1a aide \u00e0 nouveau le Rayo \u00e0 \u00eatre promu en premi\u00e8re division \u00e0 la fin de la saison 2020-2021, avant de quitter le club en juin 2023 pour rejoindre Villarreal CF, signant un contrat de quatre ans, jusqu&rsquo;en 2027.<\/p>\n<p>Au Rayo Vallecano, il a remport\u00e9 le titre de champion de deuxi\u00e8me division lors de la saison 2017-2018.<\/p>\n","protected":false},"excerpt":{"rendered":"<p>Santiago Comesa\u00f1a Veiga, n\u00e9 le 5 octobre 1996 \u00e0 Vigo en Espagne, mesure 1,84 m et est un footballeur espagnol \u00e9voluant au poste de milieu central au Villarreal CF. N\u00e9 \u00e0 Vigo, Santi Comesa\u00f1a est form\u00e9 \u00e0 l&rsquo;ED Val Mi\u00f1or avant de rejoindre le Coruxo FC, un club de troisi\u00e8me division espagnole, le 9 juillet [&hellip;]<\/p>\n","protected":false},"author":1,"featured_media":33075,"template":"","categories":[1],"tags":[],"class_list":["post-1202","joueur","type-joueur","status-publish","has-post-thumbnail","hentry","category-football"],"acf":{"api_football_id":47541,"club_api_id":"533","relation_club_actuel":3142,"nom_joueur":"Santiago Comesa\u00f1a Veiga","date_naissance":"1996-10-05","nationalite":"Espagne","taille":"188","poids":"75","poste":"Milieu de terrain","club_actuel":"Villarreal","logo_club_actuel":"https:\/\/media.api-sports.io\/football\/teams\/533.png","statistiques_saisons":[{"saison":"2025","competition":"Friendlies Clubs","equipe":"Villarreal","matchs":1,"buts":0,"passes_decisives":0,"minutes_jouees":78,"note_moyenne":"6.200000","cartons_jaunes":1,"cartons_rouges":0},{"saison":"2025","competition":"UEFA Champions League","equipe":"Villarreal","matchs":6,"buts":1,"passes_decisives":0,"minutes_jouees":431,"note_moyenne":"6.68","cartons_jaunes":1,"cartons_rouges":0},{"saison":"2025","competition":"Copa del Rey","equipe":"Villarreal","matchs":2,"buts":1,"passes_decisives":0,"minutes_jouees":135,"note_moyenne":"7.9","cartons_jaunes":0,"cartons_rouges":0},{"saison":"2025","competition":"La Liga","equipe":"Villarreal","matchs":15,"buts":2,"passes_decisives":2,"minutes_jouees":1066,"note_moyenne":"6.93","cartons_jaunes":2,"cartons_rouges":0},{"saison":"2024","competition":"La Liga","equipe":"Villarreal","matchs":37,"buts":4,"passes_decisives":2,"minutes_jouees":2582,"note_moyenne":"7.082857","cartons_jaunes":8,"cartons_rouges":0},{"saison":"2024","competition":"Copa del Rey","equipe":"Villarreal","matchs":35,"buts":3,"passes_decisives":2,"minutes_jouees":2469,"note_moyenne":"6.797142","cartons_jaunes":6,"cartons_rouges":0},{"saison":"2023","competition":"La Liga","equipe":"Villarreal","matchs":33,"buts":2,"passes_decisives":0,"minutes_jouees":1662,"note_moyenne":"6.785185","cartons_jaunes":8,"cartons_rouges":2},{"saison":"2023","competition":"Copa del Rey","equipe":"Villarreal","matchs":1,"buts":0,"passes_decisives":0,"minutes_jouees":61,"note_moyenne":"7.000000","cartons_jaunes":0,"cartons_rouges":0},{"saison":"2023","competition":"UEFA Europa League","equipe":"Villarreal","matchs":7,"buts":1,"passes_decisives":0,"minutes_jouees":322,"note_moyenne":"6.785714","cartons_jaunes":2,"cartons_rouges":0},{"saison":"2023","competition":"Friendlies Clubs","equipe":"Villarreal","matchs":1,"buts":0,"passes_decisives":0,"minutes_jouees":44,"note_moyenne":"N\/A","cartons_jaunes":0,"cartons_rouges":0}],"historique_transferts":[{"field_transfer_date_v2":"","field_transfer_from_v2":"","field_transfer_from_link":null,"field_transfer_logo_from_v2":"","field_transfer_to_v2":"","field_transfer_logo_to_v2":"","field_transfer_type_v2":"","date":null,"montant":null,"club_from":null,"club_to":null,"logo_club_from":null,"logo_club_to":null},{"field_transfer_date_v2":"","field_transfer_from_v2":"","field_transfer_from_link":null,"field_transfer_logo_from_v2":"","field_transfer_to_v2":"","field_transfer_logo_to_v2":"","field_transfer_type_v2":"","date":null,"montant":null,"club_from":null,"club_to":null,"logo_club_from":null,"logo_club_to":null}],"palmares":[{"saison":"2017\/2018","competition":"Segunda Divisi\u00f3n","pays":"Spain","resultat":"Vainqueur"},{"saison":"","competition":"Segunda Divisi\u00f3n","pays":"Spain","resultat":"Vainqueur"}],"historique_blessures":[{"type":"Blessure Cheville","debut":"2023-12-07","fin":"2023-12-19","matchs_manques":0},{"type":"Coup","debut":"2022-08-11","fin":"2022-08-26","matchs_manques":0}],"pro_depuis":"","club_actuel_url":"","instagram":"","twitter":"","tiktok":"","source_id":"68c342e216b0cf94a83df5c9","schema_id":"football-players_santi-comesana","statistiques":null,"link_club":null,"link_club_test":null,"pied_fort":false,"equipementier":"","dernier_transfert_date":"2023-07-01","dernier_transfert_montant":"Free","contenus":"OK"},"_links":{"self":[{"href":"https:\/\/mvz-sports.com\/fr\/wp-json\/wp\/v2\/joueur\/1202","targetHints":{"allow":["GET"]}}],"collection":[{"href":"https:\/\/mvz-sports.com\/fr\/wp-json\/wp\/v2\/joueur"}],"about":[{"href":"https:\/\/mvz-sports.com\/fr\/wp-json\/wp\/v2\/types\/joueur"}],"author":[{"embeddable":true,"href":"https:\/\/mvz-sports.com\/fr\/wp-json\/wp\/v2\/users\/1"}],"version-history":[{"count":0,"href":"https:\/\/mvz-sports.com\/fr\/wp-json\/wp\/v2\/joueur\/1202\/revisions"}],"acf:post":[{"embeddable":true,"href":"https:\/\/mvz-sports.com\/fr\/wp-json\/wp\/v2\/club\/3142"}],"wp:featuredmedia":[{"embeddable":true,"href":"https:\/\/mvz-sports.com\/fr\/wp-json\/wp\/v2\/media\/33075"}],"wp:attachment":[{"href":"https:\/\/mvz-sports.com\/fr\/wp-json\/wp\/v2\/media?parent=1202"}],"wp:term":[{"taxonomy":"category","embeddable":true,"href":"https:\/\/mvz-sports.com\/fr\/wp-json\/wp\/v2\/categories?post=1202"},{"taxonomy":"post_tag","embeddable":true,"href":"https:\/\/mvz-sports.com\/fr\/wp-json\/wp\/v2\/tags?post=1202"}],"curies":[{"name":"wp","href":"https:\/\/api.w.org\/{rel}","templated":true}]}}

Santiago Comesaña Veiga

<div class="column column-2">
<div>
</div>
<div>
<p>Santiago Comesaña Veiga, né le 5 octobre 1996 à Vigo en Espagne, mesure 1,84 m et est un footballeur espagnol évoluant au poste de milieu central au Villarreal CF.</p>
</div>
</div>
<p>Né à Vigo, Santi Comesaña est formé à l&rsquo;ED Val Miñor avant de rejoindre le Coruxo FC, un club de troisième division espagnole, le 9 juillet 2015. Il fait ses débuts en championnat le 22 juillet 2015 face à l&rsquo;Atlético Astorga FC, où il est titularisé et marque également son premier but, contribuant à la victoire 3-2 de son équipe. Le 6 décembre 2015, il se distingue en réalisant un triplé lors d&rsquo;une large victoire 5-1 contre le SD Compostelle.</p>
<p>Le 16 juillet 2016, Comesaña s&rsquo;engage avec le Rayo Vallecano, club de deuxième division espagnole. Rapidement, il devient un élément important de l&rsquo;équipe. Il prolonge son contrat avec le club jusqu&rsquo;en juin 2023. À l&rsquo;issue de la saison 2017-2018, le Rayo Vallecano est sacré champion de deuxième division, ce qui constitue le premier titre majeur de sa carrière. Il fait ses débuts en Liga lors de la saison 2018-2019, participant à 25 matchs et inscrivant son premier but dans l&rsquo;élite espagnole le 20 janvier 2019 contre la Real Sociedad (2-2).</p>
<p>Comesaña aide à nouveau le Rayo à être promu en première division à la fin de la saison 2020-2021, avant de quitter le club en juin 2023 pour rejoindre Villarreal CF, signant un contrat de quatre ans, jusqu&rsquo;en 2027.</p>
<p>Au Rayo Vallecano, il a remporté le titre de champion de deuxième division lors de la saison 2017-2018.</p>

<p>Santiago Comesaña Veiga, né le 5 octobre 1996 à Vigo en Espagne, mesure 1,84 m et est un footballeur espagnol évoluant au poste de milieu central au Villarreal CF. Né à Vigo, Santi Comesaña est formé à l&rsquo;ED Val Miñor avant de rejoindre le Coruxo FC, un club de troisième division espagnole, le 9 juillet [&hellip;]</p>

Segunda División
