{"id":1224,"date":"2025-11-27T14:20:51","date_gmt":"2025-11-27T14:20:51","guid":{"rendered":"https:\/\/mvz-sports.com\/fr\/joueur\/unai-nunez-gestoso\/"},"modified":"2026-01-02T23:33:32","modified_gmt":"2026-01-02T22:33:32","slug":"unai-nunez-gestoso","status":"publish","type":"joueur","link":"https:\/\/mvz-sports.com\/fr\/football\/players\/unai-nunez-gestoso","title":{"rendered":"Unai N\u00fa\u00f1ez Gestoso"},"content":{"rendered":"<div class=\"column column-2\">\n<div>\n<\/div>\n<div>\n<p>Unai N\u00fa\u00f1ez Gestoso, n\u00e9 le 30 janvier 1997 \u00e0 Sestao, est un footballeur international espagnol qui \u00e9volue au poste de d\u00e9fenseur central \u00e0 l&rsquo;Athletic Bilbao, actuellement pr\u00eat\u00e9 au Celta de Vigo.<\/p>\n<\/div>\n<\/div>\n<p>Natif de Sestao dans le Pays basque espagnol, Unai N\u00fa\u00f1ez est form\u00e9 \u00e0 l&rsquo;Athletic Bilbao, o\u00f9 il gravit les \u00e9chelons apr\u00e8s avoir \u00e9volu\u00e9 au CD Baskonia et en \u00e9quipe B du club. Il devient professionnel lors de la saison 2017-2018 et fait ses d\u00e9buts avec l&rsquo;\u00e9quipe premi\u00e8re le 20 ao\u00fbt 2017 lors d&rsquo;un match nul 0-0 contre Getafe en Liga. Malgr\u00e9 son jeune \u00e2ge, il s&rsquo;impose rapidement dans le onze de d\u00e9part sous les ordres de Jos\u00e9 \u00c1ngel Ziganda, disputant de nombreux matchs cette saison-l\u00e0. Il marque son premier but le 31 mars 2018 contre le Celta de Vigo. Il fait \u00e9galement ses d\u00e9buts en Ligue Europa en novembre 2017.<\/p>\n<p>La saison suivante est plus compliqu\u00e9e pour lui, avec une r\u00e9duction de son temps de jeu, jouant souvent comme rempla\u00e7ant.<\/p>\n<p>En \u00e9quipe nationale, Unai N\u00fa\u00f1ez est sacr\u00e9 champion d&rsquo;Europe avec l&rsquo;\u00e9quipe d&rsquo;Espagne espoirs en juin 2019 apr\u00e8s la victoire contre l&rsquo;Allemagne en finale. Il est convoqu\u00e9 en ao\u00fbt 2019 avec l&rsquo;\u00e9quipe d&rsquo;Espagne pour les \u00e9liminatoires de l&rsquo;Euro 2020 et fait ses d\u00e9buts le 8 septembre 2019 en rempla\u00e7ant Sergio Ramos lors d&rsquo;une victoire contre les \u00eeles F\u00e9ro\u00e9.<\/p>\n","protected":false},"excerpt":{"rendered":"<p>Unai N\u00fa\u00f1ez Gestoso, n\u00e9 le 30 janvier 1997 \u00e0 Sestao, est un footballeur international espagnol qui \u00e9volue au poste de d\u00e9fenseur central \u00e0 l&rsquo;Athletic Bilbao, actuellement pr\u00eat\u00e9 au Celta de Vigo. Natif de Sestao dans le Pays basque espagnol, Unai N\u00fa\u00f1ez est form\u00e9 \u00e0 l&rsquo;Athletic Bilbao, o\u00f9 il gravit les \u00e9chelons apr\u00e8s avoir \u00e9volu\u00e9 au [&hellip;]<\/p>\n","protected":false},"author":1,"featured_media":29117,"template":"","categories":[1],"tags":[],"class_list":["post-1224","joueur","type-joueur","status-publish","has-post-thumbnail","hentry","category-football"],"acf":{"api_football_id":47277,"club_api_id":"538","relation_club_actuel":3076,"nom_joueur":"Unai N\u00fa\u00f1ez Gestoso","date_naissance":"1997-01-30","nationalite":"Espagne","taille":"186","poids":"80","poste":"D\u00e9fenseur","club_actuel":"Celta Vigo","logo_club_actuel":"https:\/\/media.api-sports.io\/football\/teams\/538.png","statistiques_saisons":[{"saison":"2025","competition":"La Liga","equipe":"Celta Vigo","matchs":4,"buts":0,"passes_decisives":0,"minutes_jouees":360,"note_moyenne":"6.675000","cartons_jaunes":0,"cartons_rouges":0},{"saison":"2025","competition":"Serie A","equipe":"Verona","matchs":13,"buts":0,"passes_decisives":0,"minutes_jouees":1026,"note_moyenne":"6.65","cartons_jaunes":4,"cartons_rouges":0},{"saison":"2024","competition":"La Liga","equipe":"Athletic Club","matchs":10,"buts":0,"passes_decisives":0,"minutes_jouees":644,"note_moyenne":"7.011111","cartons_jaunes":4,"cartons_rouges":0},{"saison":"2024","competition":"Copa del Rey","equipe":"Athletic Club","matchs":1,"buts":0,"passes_decisives":0,"minutes_jouees":69,"note_moyenne":"6.900000","cartons_jaunes":1,"cartons_rouges":0},{"saison":"2024","competition":"La Liga","equipe":"Celta Vigo","matchs":33,"buts":0,"passes_decisives":0,"minutes_jouees":645,"note_moyenne":"7.011111","cartons_jaunes":4,"cartons_rouges":0},{"saison":"2024","competition":"Copa del Rey","equipe":"Celta Vigo","matchs":2,"buts":0,"passes_decisives":0,"minutes_jouees":69,"note_moyenne":"6.900000","cartons_jaunes":1,"cartons_rouges":0},{"saison":"2024","competition":"UEFA Europa League","equipe":"Athletic Club","matchs":4,"buts":0,"passes_decisives":2,"minutes_jouees":280,"note_moyenne":"7.125000","cartons_jaunes":1,"cartons_rouges":0},{"saison":"2023","competition":"La Liga","equipe":"Celta Vigo","matchs":38,"buts":1,"passes_decisives":0,"minutes_jouees":2802,"note_moyenne":"6.923529","cartons_jaunes":4,"cartons_rouges":0},{"saison":"2023","competition":"Copa del Rey","equipe":"Celta Vigo","matchs":3,"buts":0,"passes_decisives":0,"minutes_jouees":245,"note_moyenne":"N\/A","cartons_jaunes":2,"cartons_rouges":0}],"historique_transferts":[{"field_transfer_date_v2":"2025-07-01","field_transfer_from_v2":"Athletic Club","field_transfer_from_link":"3102","field_transfer_logo_from_v2":"https:\/\/media.api-sports.io\/football\/teams\/531.png","field_transfer_to_v2":"Celta Vigo","field_transfer_logo_to_v2":"https:\/\/media.api-sports.io\/football\/teams\/538.png","field_transfer_type_v2":"N\/A","date":null,"montant":null,"club_from":null,"club_to":null,"logo_club_from":null,"logo_club_to":null},{"field_transfer_date_v2":"2024-08-28","field_transfer_from_v2":"Celta Vigo","field_transfer_from_link":"3076","field_transfer_logo_from_v2":"https:\/\/media.api-sports.io\/football\/teams\/538.png","field_transfer_to_v2":"Athletic Club","field_transfer_logo_to_v2":"https:\/\/media.api-sports.io\/football\/teams\/531.png","field_transfer_type_v2":"Pr\u00eat","date":null,"montant":null,"club_from":null,"club_to":null,"logo_club_from":null,"logo_club_to":null},{"field_transfer_date_v2":"2024-07-01","field_transfer_from_v2":"Athletic Club","field_transfer_from_link":"3102","field_transfer_logo_from_v2":"https:\/\/media.api-sports.io\/football\/teams\/531.png","field_transfer_to_v2":"Celta Vigo","field_transfer_logo_to_v2":"https:\/\/media.api-sports.io\/football\/teams\/538.png","field_transfer_type_v2":"\u20ac 7M","date":null,"montant":null,"club_from":null,"club_to":null,"logo_club_from":null,"logo_club_to":null},{"field_transfer_date_v2":"2022-07-20","field_transfer_from_v2":"Athletic Club","field_transfer_from_link":"3102","field_transfer_logo_from_v2":"https:\/\/media.api-sports.io\/football\/teams\/531.png","field_transfer_to_v2":"Celta Vigo","field_transfer_logo_to_v2":"https:\/\/media.api-sports.io\/football\/teams\/538.png","field_transfer_type_v2":"Pr\u00eat","date":null,"montant":null,"club_from":null,"club_to":null,"logo_club_from":null,"logo_club_to":null},{"field_transfer_date_v2":"2025-07-25","field_transfer_from_v2":"Celta Vigo","field_transfer_from_link":"3076","field_transfer_logo_from_v2":"https:\/\/media.api-sports.io\/football\/teams\/538.png","field_transfer_to_v2":"Verona","field_transfer_logo_to_v2":"https:\/\/media.api-sports.io\/football\/teams\/504.png","field_transfer_type_v2":"Pr\u00eat","date":null,"montant":null,"club_from":null,"club_to":null,"logo_club_from":null,"logo_club_to":null},{"field_transfer_date_v2":"2025-07-24","field_transfer_from_v2":"Celta Vigo","field_transfer_from_link":"3076","field_transfer_logo_from_v2":"https:\/\/media.api-sports.io\/football\/teams\/538.png","field_transfer_to_v2":"Verona","field_transfer_logo_to_v2":"https:\/\/media.api-sports.io\/football\/teams\/504.png","field_transfer_type_v2":"Pr\u00eat","date":null,"montant":null,"club_from":null,"club_to":null,"logo_club_from":null,"logo_club_to":null}],"palmares":[{"saison":"2022","competition":"Super Cup","pays":"Spain","resultat":"Finaliste"},{"saison":"2021","competition":"Super Cup","pays":"Spain","resultat":"Vainqueur"},{"saison":"2020\/2021","competition":"Copa del Rey","pays":"Spain","resultat":"Finaliste"},{"saison":"2019\/2021","competition":"Copa del Rey","pays":"Spain","resultat":"Finaliste"},{"saison":"2017\/2019","competition":"UEFA U21 Championship","pays":"Europe","resultat":"Vainqueur"},{"saison":"","competition":"Copa del Rey","pays":"Spain","resultat":"Finaliste"},{"saison":"","competition":"Super Cup","pays":"Spain","resultat":"Vainqueur"},{"saison":"","competition":"Super Cup","pays":"Spain","resultat":"Finaliste"},{"saison":"","competition":"UEFA U21 Championship","pays":"Europe","resultat":"Vainqueur"}],"historique_blessures":[{"type":"Illness","debut":"2025-05-13","fin":"2025-05-14","matchs_manques":0},{"type":"Blessure musculaire","debut":"2025-01-31","fin":"2025-02-11","matchs_manques":0},{"type":"Blessure Genou","debut":"2022-05-08","fin":"2022-05-14","matchs_manques":0},{"type":"Maladie\/Virus","debut":"2021-12-30","fin":"2022-01-05","matchs_manques":0},{"type":"Blessure Cheville","debut":"2021-09-29","fin":"2021-10-25","matchs_manques":0}],"pro_depuis":"","club_actuel_url":"","instagram":"","twitter":"","tiktok":"","source_id":"68c342e416b0cf94a83df5e0","schema_id":"football-players_unai-nunez","statistiques":null,"link_club":null,"link_club_test":null,"pied_fort":false,"equipementier":"","dernier_transfert_date":"2025-07-01","dernier_transfert_montant":"N\/A","contenus":"OK"},"_links":{"self":[{"href":"https:\/\/mvz-sports.com\/fr\/wp-json\/wp\/v2\/joueur\/1224","targetHints":{"allow":["GET"]}}],"collection":[{"href":"https:\/\/mvz-sports.com\/fr\/wp-json\/wp\/v2\/joueur"}],"about":[{"href":"https:\/\/mvz-sports.com\/fr\/wp-json\/wp\/v2\/types\/joueur"}],"author":[{"embeddable":true,"href":"https:\/\/mvz-sports.com\/fr\/wp-json\/wp\/v2\/users\/1"}],"version-history":[{"count":0,"href":"https:\/\/mvz-sports.com\/fr\/wp-json\/wp\/v2\/joueur\/1224\/revisions"}],"acf:post":[{"embeddable":true,"href":"https:\/\/mvz-sports.com\/fr\/wp-json\/wp\/v2\/club\/3076"}],"wp:featuredmedia":[{"embeddable":true,"href":"https:\/\/mvz-sports.com\/fr\/wp-json\/wp\/v2\/media\/29117"}],"wp:attachment":[{"href":"https:\/\/mvz-sports.com\/fr\/wp-json\/wp\/v2\/media?parent=1224"}],"wp:term":[{"taxonomy":"category","embeddable":true,"href":"https:\/\/mvz-sports.com\/fr\/wp-json\/wp\/v2\/categories?post=1224"},{"taxonomy":"post_tag","embeddable":true,"href":"https:\/\/mvz-sports.com\/fr\/wp-json\/wp\/v2\/tags?post=1224"}],"curies":[{"name":"wp","href":"https:\/\/api.w.org\/{rel}","templated":true}]}}

Unai Núñez Gestoso

<div class="column column-2">
<div>
</div>
<div>
<p>Unai Núñez Gestoso, né le 30 janvier 1997 à Sestao, est un footballeur international espagnol qui évolue au poste de défenseur central à l&rsquo;Athletic Bilbao, actuellement prêté au Celta de Vigo.</p>
</div>
</div>
<p>Natif de Sestao dans le Pays basque espagnol, Unai Núñez est formé à l&rsquo;Athletic Bilbao, où il gravit les échelons après avoir évolué au CD Baskonia et en équipe B du club. Il devient professionnel lors de la saison 2017-2018 et fait ses débuts avec l&rsquo;équipe première le 20 août 2017 lors d&rsquo;un match nul 0-0 contre Getafe en Liga. Malgré son jeune âge, il s&rsquo;impose rapidement dans le onze de départ sous les ordres de José Ángel Ziganda, disputant de nombreux matchs cette saison-là. Il marque son premier but le 31 mars 2018 contre le Celta de Vigo. Il fait également ses débuts en Ligue Europa en novembre 2017.</p>
<p>La saison suivante est plus compliquée pour lui, avec une réduction de son temps de jeu, jouant souvent comme remplaçant.</p>
<p>En équipe nationale, Unai Núñez est sacré champion d&rsquo;Europe avec l&rsquo;équipe d&rsquo;Espagne espoirs en juin 2019 après la victoire contre l&rsquo;Allemagne en finale. Il est convoqué en août 2019 avec l&rsquo;équipe d&rsquo;Espagne pour les éliminatoires de l&rsquo;Euro 2020 et fait ses débuts le 8 septembre 2019 en remplaçant Sergio Ramos lors d&rsquo;une victoire contre les îles Féroé.</p>

<p>Unai Núñez Gestoso, né le 30 janvier 1997 à Sestao, est un footballeur international espagnol qui évolue au poste de défenseur central à l&rsquo;Athletic Bilbao, actuellement prêté au Celta de Vigo. Natif de Sestao dans le Pays basque espagnol, Unai Núñez est formé à l&rsquo;Athletic Bilbao, où il gravit les échelons après avoir évolué au [&hellip;]</p>

Défenseur

Prêt
