{"id":1246,"date":"2025-11-27T14:20:53","date_gmt":"2025-11-27T14:20:53","guid":{"rendered":"https:\/\/mvz-sports.com\/fr\/joueur\/ederson-jose-dos-santos-lourenco-da-silva\/"},"modified":"2026-01-03T21:58:31","modified_gmt":"2026-01-03T20:58:31","slug":"ederson-jose-dos-santos-lourenco-da-silva","status":"publish","type":"joueur","link":"https:\/\/mvz-sports.com\/fr\/football\/players\/ederson-jose-dos-santos-lourenco-da-silva","title":{"rendered":"\u00c9derson Jos\u00e9 dos Santos Louren\u00e7o da Silva"},"content":{"rendered":"<div class=\"column column-2\">\n<div>\n<\/div>\n<div>\n<p>\u00c9derson Jos\u00e9 dos Santos Louren\u00e7o da Silva, dit \u00c9derson, est n\u00e9 le 7 juillet 1999 \u00e0 Campo Grande, au Br\u00e9sil. Il joue en tant que milieu d\u00e9fensif \u00e0 l&rsquo;Atalanta Bergame. Originaire de l&rsquo;\u00c9tat de Mato Grosso do Sul, il commence sa carri\u00e8re professionnelle au Desportivo Brasil, un club bas\u00e9 \u00e0 Porto Feliz, dans l&rsquo;\u00c9tat de S\u00e3o Paulo.<\/p>\n<\/div>\n<\/div>\n<p>En 2018, \u00c9derson est pr\u00eat\u00e9 \u00e0 Cruzeiro, une \u00e9quipe de S\u00e9rie A br\u00e9silienne. Initialement pr\u00e9vu pour jouer avec les moins de 20 ans, il parvient rapidement \u00e0 impressionner l&rsquo;entra\u00eeneur Mano Menezes qui d\u00e9cide de l&rsquo;int\u00e9grer \u00e0 l&rsquo;\u00e9quipe premi\u00e8re. Il fait ses d\u00e9buts en S\u00e9rie A le 5 septembre 2018 lors d&rsquo;un match nul contre Botafogo, en entrant en jeu \u00e0 la 75e minute. Bien que la saison 2019 se solde par une rel\u00e9gation de Cruzeiro, \u00c9derson s&rsquo;affirme comme l&rsquo;un des rares joueurs \u00e0 se distinguer, devenant un espoir malgr\u00e9 les difficult\u00e9s du club.<\/p>\n<p>Apr\u00e8s la rel\u00e9gation de Cruzeiro, \u00c9derson profite de salaires impay\u00e9s pour quitter le club. En f\u00e9vrier 2020, il rejoint les Corinthians avec un contrat de cinq ans. Il y joue pendant une saison avant d&rsquo;\u00eatre pr\u00eat\u00e9 en 2021 \u00e0 Fortaleza EC, o\u00f9 il joue un r\u00f4le important au cours de la saison, disputant 58 matchs et marquant 3 buts.<\/p>\n<p>En 2021, \u00c9derson s&rsquo;envole pour l&rsquo;Europe, rejoignant l&rsquo;US Salernitana en Italie, o\u00f9 il participe \u00e0 15 matchs et marque 2 buts. Apr\u00e8s une saison convaincante, il signe \u00e0 l&rsquo;Atalanta Bergame en 2022, o\u00f9 il devient rapidement un joueur cl\u00e9 de l&rsquo;\u00e9quipe. Il contribue aux succ\u00e8s de l&rsquo;Atalanta, notamment en participant \u00e0 la victoire en Ligue Europa en 2024 et en atteignant la finale de la Coupe d&rsquo;Italie la m\u00eame ann\u00e9e.<\/p>\n<p>\u00c9derson est \u00e9galement appel\u00e9 en \u00e9quipe nationale du Br\u00e9sil en 2024 pour disputer la Copa Am\u00e9rica. Il fait ses d\u00e9buts lors de cette comp\u00e9tition et ajoute ainsi une premi\u00e8re s\u00e9lection \u00e0 son parcours international.<\/p>\n<p>Au fil de sa carri\u00e8re, \u00c9derson a accumul\u00e9 des statistiques impressionnantes avec 169 matchs disput\u00e9s en club et 19 buts marqu\u00e9s. Avec l&rsquo;Atalanta, il a jou\u00e9 100 matchs et inscrit 9 buts.<\/p>\n","protected":false},"excerpt":{"rendered":"<p>\u00c9derson Jos\u00e9 dos Santos Louren\u00e7o da Silva, dit \u00c9derson, est n\u00e9 le 7 juillet 1999 \u00e0 Campo Grande, au Br\u00e9sil. Il joue en tant que milieu d\u00e9fensif \u00e0 l&rsquo;Atalanta Bergame. Originaire de l&rsquo;\u00c9tat de Mato Grosso do Sul, il commence sa carri\u00e8re professionnelle au Desportivo Brasil, un club bas\u00e9 \u00e0 Porto Feliz, dans l&rsquo;\u00c9tat de [&hellip;]<\/p>\n","protected":false},"author":1,"featured_media":33051,"template":"","categories":[1],"tags":[],"class_list":["post-1246","joueur","type-joueur","status-publish","has-post-thumbnail","hentry","category-football"],"acf":{"api_football_id":10097,"club_api_id":"499","relation_club_actuel":3049,"nom_joueur":"\u00c9derson Jos\u00e9 dos Santos Louren\u00e7o da Silva","date_naissance":"1999-07-07","nationalite":"Br\u00e9sil","taille":"183","poids":"83","poste":"Milieu de terrain","club_actuel":"Atalanta","logo_club_actuel":"https:\/\/media.api-sports.io\/football\/teams\/499.png","statistiques_saisons":[{"saison":"2025","competition":"UEFA Champions League","equipe":"Atalanta","matchs":5,"buts":1,"passes_decisives":1,"minutes_jouees":397,"note_moyenne":"7.16","cartons_jaunes":1,"cartons_rouges":0},{"saison":"2025","competition":"Serie A","equipe":"Atalanta","matchs":13,"buts":0,"passes_decisives":0,"minutes_jouees":954,"note_moyenne":"6.84","cartons_jaunes":1,"cartons_rouges":0},{"saison":"2024","competition":"Serie A","equipe":"Atalanta","matchs":37,"buts":4,"passes_decisives":1,"minutes_jouees":2888,"note_moyenne":"7.140540","cartons_jaunes":5,"cartons_rouges":1},{"saison":"2024","competition":"Super Cup","equipe":"Atalanta","matchs":1,"buts":0,"passes_decisives":0,"minutes_jouees":34,"note_moyenne":"6.700000","cartons_jaunes":0,"cartons_rouges":0},{"saison":"2024","competition":"UEFA Champions League","equipe":"Atalanta","matchs":9,"buts":1,"passes_decisives":0,"minutes_jouees":739,"note_moyenne":"7.100000","cartons_jaunes":4,"cartons_rouges":0},{"saison":"2024","competition":"UEFA Super Cup","equipe":"Atalanta","matchs":1,"buts":0,"passes_decisives":0,"minutes_jouees":90,"note_moyenne":"N\/A","cartons_jaunes":1,"cartons_rouges":0},{"saison":"2024","competition":"Copa America","equipe":"Brazil","matchs":4,"buts":0,"passes_decisives":0,"minutes_jouees":17,"note_moyenne":"6.200000","cartons_jaunes":0,"cartons_rouges":0},{"saison":"2024","competition":"Friendlies","equipe":"Brazil","matchs":1,"buts":0,"passes_decisives":0,"minutes_jouees":84,"note_moyenne":"6.700000","cartons_jaunes":0,"cartons_rouges":0},{"saison":"2024","competition":"Coppa Italia","equipe":"Atalanta","matchs":1,"buts":0,"passes_decisives":0,"minutes_jouees":90,"note_moyenne":"7.300000","cartons_jaunes":0,"cartons_rouges":0},{"saison":"2023","competition":"Serie A","equipe":"Atalanta","matchs":36,"buts":6,"passes_decisives":1,"minutes_jouees":2873,"note_moyenne":"7.111428","cartons_jaunes":8,"cartons_rouges":0},{"saison":"2023","competition":"Coppa Italia","equipe":"Atalanta","matchs":5,"buts":0,"passes_decisives":0,"minutes_jouees":384,"note_moyenne":"7.220000","cartons_jaunes":1,"cartons_rouges":0},{"saison":"2023","competition":"UEFA Europa League","equipe":"Atalanta","matchs":12,"buts":1,"passes_decisives":0,"minutes_jouees":919,"note_moyenne":"7.116666","cartons_jaunes":1,"cartons_rouges":0},{"saison":"2023","competition":"Friendlies Clubs","equipe":"Atalanta","matchs":1,"buts":0,"passes_decisives":0,"minutes_jouees":90,"note_moyenne":"N\/A","cartons_jaunes":0,"cartons_rouges":0}],"historique_transferts":[{"field_transfer_date_v2":"2022-07-06","field_transfer_from_v2":"Salernitana","field_transfer_from_link":"3152","field_transfer_logo_from_v2":"https:\/\/media.api-sports.io\/football\/teams\/514.png","field_transfer_to_v2":"Atalanta","field_transfer_logo_to_v2":"https:\/\/media.api-sports.io\/football\/teams\/499.png","field_transfer_type_v2":"\u20ac 21M","date":null,"montant":null,"club_from":null,"club_to":null,"logo_club_from":null,"logo_club_to":null},{"field_transfer_date_v2":"2022-01-30","field_transfer_from_v2":"Corinthians","field_transfer_from_link":null,"field_transfer_logo_from_v2":"https:\/\/media.api-sports.io\/football\/teams\/131.png","field_transfer_to_v2":"Salernitana","field_transfer_logo_to_v2":"https:\/\/media.api-sports.io\/football\/teams\/514.png","field_transfer_type_v2":"\u20ac 6M","date":null,"montant":null,"club_from":null,"club_to":null,"logo_club_from":null,"logo_club_to":null},{"field_transfer_date_v2":"2021-03-01","field_transfer_from_v2":"Corinthians","field_transfer_from_link":null,"field_transfer_logo_from_v2":"https:\/\/media.api-sports.io\/football\/teams\/131.png","field_transfer_to_v2":"Fortaleza EC","field_transfer_logo_to_v2":"https:\/\/media.api-sports.io\/football\/teams\/154.png","field_transfer_type_v2":"Pr\u00eat","date":null,"montant":null,"club_from":null,"club_to":null,"logo_club_from":null,"logo_club_to":null},{"field_transfer_date_v2":"2019-07-16","field_transfer_from_v2":"Desportivo Brasil","field_transfer_from_link":null,"field_transfer_logo_from_v2":"https:\/\/media.api-sports.io\/football\/teams\/10032.png","field_transfer_to_v2":"Cruzeiro","field_transfer_logo_to_v2":"https:\/\/media.api-sports.io\/football\/teams\/135.png","field_transfer_type_v2":"N\/A","date":null,"montant":null,"club_from":null,"club_to":null,"logo_club_from":null,"logo_club_to":null},{"field_transfer_date_v2":"2018-07-16","field_transfer_from_v2":"Desportivo Brasil","field_transfer_from_link":null,"field_transfer_logo_from_v2":"https:\/\/media.api-sports.io\/football\/teams\/10032.png","field_transfer_to_v2":"Cruzeiro","field_transfer_logo_to_v2":"https:\/\/media.api-sports.io\/football\/teams\/135.png","field_transfer_type_v2":"Pr\u00eat","date":null,"montant":null,"club_from":null,"club_to":null,"logo_club_from":null,"logo_club_to":null}],"palmares":[{"saison":"2024","competition":"UEFA Super Cup","pays":"Europe","resultat":"Finaliste"},{"saison":"2023\/2024","competition":"Coppa Italia","pays":"Italy","resultat":"Finaliste"},{"saison":"2023\/2024","competition":"UEFA Europa League","pays":"Europe","resultat":"Vainqueur"},{"saison":"2021","competition":"Cearense 1","pays":"Brazil","resultat":"Vainqueur"},{"saison":"2020","competition":"Paulista A1","pays":"Brazil","resultat":"Finaliste"},{"saison":"2019","competition":"Mineiro 1","pays":"Brazil","resultat":"Vainqueur"},{"saison":"2018","competition":"Copa do Brasil","pays":"Brazil","resultat":"Vainqueur"},{"saison":"","competition":"Copa do Brasil","pays":"Brazil","resultat":"Vainqueur"},{"saison":"","competition":"Mineiro 1","pays":"Brazil","resultat":"Vainqueur"},{"saison":"","competition":"Paulista A1","pays":"Brazil","resultat":"Finaliste"},{"saison":"","competition":"Cearense 1","pays":"Brazil","resultat":"Vainqueur"},{"saison":"","competition":"Coppa Italia","pays":"Italy","resultat":"Finaliste"},{"saison":"","competition":"UEFA Europa League","pays":"Europe","resultat":"Vainqueur"},{"saison":"","competition":"UEFA Super Cup","pays":"Europe","resultat":"Finaliste"}],"historique_blessures":[{"type":"Blessure Genou","debut":"2025-08-29","fin":"","matchs_manques":0},{"type":"Blessure Genou","debut":"2025-08-15","fin":"2025-08-21","matchs_manques":0}],"pro_depuis":"","club_actuel_url":"","instagram":"","twitter":"","tiktok":"","source_id":"68c342e616b0cf94a83df5f6","schema_id":"football-players_ederson-dos-santos","statistiques":null,"link_club":null,"link_club_test":null,"pied_fort":false,"equipementier":"","dernier_transfert_date":"2022-07-06","dernier_transfert_montant":"\u20ac 21M","contenus":"OK"},"_links":{"self":[{"href":"https:\/\/mvz-sports.com\/fr\/wp-json\/wp\/v2\/joueur\/1246","targetHints":{"allow":["GET"]}}],"collection":[{"href":"https:\/\/mvz-sports.com\/fr\/wp-json\/wp\/v2\/joueur"}],"about":[{"href":"https:\/\/mvz-sports.com\/fr\/wp-json\/wp\/v2\/types\/joueur"}],"author":[{"embeddable":true,"href":"https:\/\/mvz-sports.com\/fr\/wp-json\/wp\/v2\/users\/1"}],"version-history":[{"count":0,"href":"https:\/\/mvz-sports.com\/fr\/wp-json\/wp\/v2\/joueur\/1246\/revisions"}],"acf:post":[{"embeddable":true,"href":"https:\/\/mvz-sports.com\/fr\/wp-json\/wp\/v2\/club\/3049"}],"wp:featuredmedia":[{"embeddable":true,"href":"https:\/\/mvz-sports.com\/fr\/wp-json\/wp\/v2\/media\/33051"}],"wp:attachment":[{"href":"https:\/\/mvz-sports.com\/fr\/wp-json\/wp\/v2\/media?parent=1246"}],"wp:term":[{"taxonomy":"category","embeddable":true,"href":"https:\/\/mvz-sports.com\/fr\/wp-json\/wp\/v2\/categories?post=1246"},{"taxonomy":"post_tag","embeddable":true,"href":"https:\/\/mvz-sports.com\/fr\/wp-json\/wp\/v2\/tags?post=1246"}],"curies":[{"name":"wp","href":"https:\/\/api.w.org\/{rel}","templated":true}]}}

Éderson José dos Santos Lourenço da Silva

<div class="column column-2">
<div>
</div>
<div>
<p>Éderson José dos Santos Lourenço da Silva, dit Éderson, est né le 7 juillet 1999 à Campo Grande, au Brésil. Il joue en tant que milieu défensif à l&rsquo;Atalanta Bergame. Originaire de l&rsquo;État de Mato Grosso do Sul, il commence sa carrière professionnelle au Desportivo Brasil, un club basé à Porto Feliz, dans l&rsquo;État de São Paulo.</p>
</div>
</div>
<p>En 2018, Éderson est prêté à Cruzeiro, une équipe de Série A brésilienne. Initialement prévu pour jouer avec les moins de 20 ans, il parvient rapidement à impressionner l&rsquo;entraîneur Mano Menezes qui décide de l&rsquo;intégrer à l&rsquo;équipe première. Il fait ses débuts en Série A le 5 septembre 2018 lors d&rsquo;un match nul contre Botafogo, en entrant en jeu à la 75e minute. Bien que la saison 2019 se solde par une relégation de Cruzeiro, Éderson s&rsquo;affirme comme l&rsquo;un des rares joueurs à se distinguer, devenant un espoir malgré les difficultés du club.</p>
<p>Après la relégation de Cruzeiro, Éderson profite de salaires impayés pour quitter le club. En février 2020, il rejoint les Corinthians avec un contrat de cinq ans. Il y joue pendant une saison avant d&rsquo;être prêté en 2021 à Fortaleza EC, où il joue un rôle important au cours de la saison, disputant 58 matchs et marquant 3 buts.</p>
<p>En 2021, Éderson s&rsquo;envole pour l&rsquo;Europe, rejoignant l&rsquo;US Salernitana en Italie, où il participe à 15 matchs et marque 2 buts. Après une saison convaincante, il signe à l&rsquo;Atalanta Bergame en 2022, où il devient rapidement un joueur clé de l&rsquo;équipe. Il contribue aux succès de l&rsquo;Atalanta, notamment en participant à la victoire en Ligue Europa en 2024 et en atteignant la finale de la Coupe d&rsquo;Italie la même année.</p>
<p>Éderson est également appelé en équipe nationale du Brésil en 2024 pour disputer la Copa América. Il fait ses débuts lors de cette compétition et ajoute ainsi une première sélection à son parcours international.</p>
<p>Au fil de sa carrière, Éderson a accumulé des statistiques impressionnantes avec 169 matchs disputés en club et 19 buts marqués. Avec l&rsquo;Atalanta, il a joué 100 matchs et inscrit 9 buts.</p>

<p>Éderson José dos Santos Lourenço da Silva, dit Éderson, est né le 7 juillet 1999 à Campo Grande, au Brésil. Il joue en tant que milieu défensif à l&rsquo;Atalanta Bergame. Originaire de l&rsquo;État de Mato Grosso do Sul, il commence sa carrière professionnelle au Desportivo Brasil, un club basé à Porto Feliz, dans l&rsquo;État de [&hellip;]</p>

Brésil

Prêt
