{"id":1325,"date":"2025-11-27T14:21:01","date_gmt":"2025-11-27T14:21:01","guid":{"rendered":"https:\/\/mvz-sports.com\/fr\/joueur\/arnaud-dominique-nordin\/"},"modified":"2026-01-02T22:46:35","modified_gmt":"2026-01-02T21:46:35","slug":"arnaud-dominique-nordin","status":"publish","type":"joueur","link":"https:\/\/mvz-sports.com\/fr\/football\/players\/arnaud-dominique-nordin","title":{"rendered":"Arnaud Dominique Nordin"},"content":{"rendered":"<div class=\"column column-2\">\n<div>\n<\/div>\n<div>\n<p>Arnaud Nordin, n\u00e9 le 17 juin 1998 \u00e0 Paris, est un footballeur fran\u00e7ais de 26 ans qui mesure 1,70 m. Il \u00e9volue actuellement au poste d&rsquo;attaquant ou d&rsquo;ailier au Montpellier HSC.<\/p>\n<\/div>\n<\/div>\n<p>Form\u00e9 au Paris 13 Atletico et \u00e0 l&rsquo;US Cr\u00e9teil, il rejoint le centre de formation de l&rsquo;AS Saint-\u00c9tienne en 2013. Il fait ses d\u00e9buts professionnels en 2016 avec les Verts avant d&rsquo;\u00eatre pr\u00eat\u00e9 \u00e0 l&rsquo;AS Nancy-Lorraine lors de la saison 2017-2018, o\u00f9 il se r\u00e9v\u00e8le en inscrivant plusieurs buts d\u00e9cisifs. De retour \u00e0 l&rsquo;ASSE, il devient un joueur r\u00e9gulier et important pour l&rsquo;\u00e9quipe. En 2022, \u00e0 la fin de son contrat avec Saint-\u00c9tienne, Nordin s&rsquo;engage avec Montpellier HSC, o\u00f9 il continue d&rsquo;\u00e9voluer en Ligue 1.<\/p>\n<p>International fran\u00e7ais, Arnaud Nordin a repr\u00e9sent\u00e9 la France dans les \u00e9quipes de jeunes et a particip\u00e9 aux Jeux olympiques de Tokyo en 2021. Bien que sollicit\u00e9 par la s\u00e9lection de Martinique en 2022 et 2023, il a d\u00e9clin\u00e9 ces offres pour se concentrer sur sa carri\u00e8re en club.<\/p>\n<p>N\u00e9 d&rsquo;une m\u00e8re martiniquaise, il a des liens familiaux forts avec la Martinique, o\u00f9 il passait ses vacances dans la commune du Marigot durant son enfance.<\/p>\n","protected":false},"excerpt":{"rendered":"<p>Arnaud Nordin, n\u00e9 le 17 juin 1998 \u00e0 Paris, est un footballeur fran\u00e7ais de 26 ans qui mesure 1,70 m. Il \u00e9volue actuellement au poste d&rsquo;attaquant ou d&rsquo;ailier au Montpellier HSC. Form\u00e9 au Paris 13 Atletico et \u00e0 l&rsquo;US Cr\u00e9teil, il rejoint le centre de formation de l&rsquo;AS Saint-\u00c9tienne en 2013. Il fait ses d\u00e9buts [&hellip;]<\/p>\n","protected":false},"author":1,"featured_media":31509,"template":"","categories":[1],"tags":[],"class_list":["post-1325","joueur","type-joueur","status-publish","has-post-thumbnail","hentry","category-football"],"acf":{"api_football_id":22097,"club_api_id":"164","relation_club_actuel":3117,"nom_joueur":"Arnaud Dominique Nordin","date_naissance":"1998-06-17","nationalite":"France","taille":"170","poids":"70","poste":"Milieu de terrain","club_actuel":"FSV Mainz 05","logo_club_actuel":"https:\/\/media.api-sports.io\/football\/teams\/164.png","statistiques_saisons":[{"saison":"2025","competition":"DFB Pokal","equipe":"FSV Mainz 05","matchs":2,"buts":0,"passes_decisives":0,"minutes_jouees":111,"note_moyenne":"7.05","cartons_jaunes":0,"cartons_rouges":0},{"saison":"2025","competition":"UEFA Europa Conference League","equipe":"FSV Mainz 05","matchs":4,"buts":0,"passes_decisives":0,"minutes_jouees":180,"note_moyenne":"6.6","cartons_jaunes":1,"cartons_rouges":0},{"saison":"2025","competition":"Bundesliga","equipe":"FSV Mainz 05","matchs":11,"buts":0,"passes_decisives":0,"minutes_jouees":472,"note_moyenne":"6.7","cartons_jaunes":0,"cartons_rouges":0},{"saison":"2024","competition":"Bundesliga","equipe":"FSV Mainz 05","matchs":13,"buts":0,"passes_decisives":0,"minutes_jouees":86,"note_moyenne":"6.740000","cartons_jaunes":0,"cartons_rouges":0},{"saison":"2024","competition":"Ligue 1","equipe":"Montpellier","matchs":16,"buts":4,"passes_decisives":1,"minutes_jouees":1171,"note_moyenne":"6.950000","cartons_jaunes":2,"cartons_rouges":0},{"saison":"2024","competition":"Coupe de France","equipe":"Montpellier","matchs":1,"buts":0,"passes_decisives":0,"minutes_jouees":90,"note_moyenne":"7.300000","cartons_jaunes":0,"cartons_rouges":0},{"saison":"2023","competition":"Ligue 1","equipe":"Montpellier","matchs":20,"buts":5,"passes_decisives":3,"minutes_jouees":1253,"note_moyenne":"7.220000","cartons_jaunes":1,"cartons_rouges":1},{"saison":"2023","competition":"Coupe de France","equipe":"Montpellier","matchs":1,"buts":0,"passes_decisives":0,"minutes_jouees":71,"note_moyenne":"6.300000","cartons_jaunes":1,"cartons_rouges":0}],"historique_transferts":[{"field_transfer_date_v2":"2022-07-01","field_transfer_from_v2":"Saint Etienne","field_transfer_from_link":"3061","field_transfer_logo_from_v2":"https:\/\/media.api-sports.io\/football\/teams\/1063.png","field_transfer_to_v2":"Montpellier","field_transfer_logo_to_v2":"https:\/\/media.api-sports.io\/football\/teams\/82.png","field_transfer_type_v2":"Libre","date":null,"montant":null,"club_from":null,"club_to":null,"logo_club_from":null,"logo_club_to":null},{"field_transfer_date_v2":"2018-07-01","field_transfer_from_v2":"Nancy","field_transfer_from_link":"3137","field_transfer_logo_from_v2":"https:\/\/media.api-sports.io\/football\/teams\/102.png","field_transfer_to_v2":"Saint Etienne","field_transfer_logo_to_v2":"https:\/\/media.api-sports.io\/football\/teams\/1063.png","field_transfer_type_v2":"N\/A","date":null,"montant":null,"club_from":null,"club_to":null,"logo_club_from":null,"logo_club_to":null},{"field_transfer_date_v2":"2017-08-07","field_transfer_from_v2":"Saint Etienne","field_transfer_from_link":"3061","field_transfer_logo_from_v2":"https:\/\/media.api-sports.io\/football\/teams\/1063.png","field_transfer_to_v2":"Nancy","field_transfer_logo_to_v2":"https:\/\/media.api-sports.io\/football\/teams\/102.png","field_transfer_type_v2":"Pr\u00eat","date":null,"montant":null,"club_from":null,"club_to":null,"logo_club_from":null,"logo_club_to":null},{"field_transfer_date_v2":"2025-01-28","field_transfer_from_v2":"Montpellier","field_transfer_from_link":"3135","field_transfer_logo_from_v2":"https:\/\/media.api-sports.io\/football\/teams\/82.png","field_transfer_to_v2":"FSV Mainz 05","field_transfer_logo_to_v2":"https:\/\/media.api-sports.io\/football\/teams\/164.png","field_transfer_type_v2":"Transfert","date":null,"montant":null,"club_from":null,"club_to":null,"logo_club_from":null,"logo_club_to":null},{"field_transfer_date_v2":"2025-01-27","field_transfer_from_v2":"Montpellier","field_transfer_from_link":"3135","field_transfer_logo_from_v2":"https:\/\/media.api-sports.io\/football\/teams\/82.png","field_transfer_to_v2":"FSV Mainz 05","field_transfer_logo_to_v2":"https:\/\/media.api-sports.io\/football\/teams\/164.png","field_transfer_type_v2":"Transfert","date":null,"montant":null,"club_from":null,"club_to":null,"logo_club_from":null,"logo_club_to":null}],"palmares":[{"saison":"2019\/2020","competition":"Coupe de France","pays":"France","resultat":"Finaliste"},{"saison":"","competition":"Coupe de France","pays":"France","resultat":"Finaliste"}],"historique_blessures":[{"type":"Illness","debut":"2025-01-26","fin":"2025-01-30","matchs_manques":0},{"type":"Blessure Cheville","debut":"2025-01-02","fin":"2025-01-10","matchs_manques":0},{"type":"Hip Injury","debut":"2024-09-06","fin":"2024-09-13","matchs_manques":0},{"type":"Ischio-jambiers","debut":"2024-05-18","fin":"2024-07-19","matchs_manques":0},{"type":"Leg Injury","debut":"2024-01-29","fin":"2024-02-10","matchs_manques":0},{"type":"Blessure au mollet","debut":"2023-12-02","fin":"2024-01-13","matchs_manques":0},{"type":"Blessure \u00e0 la cuisse","debut":"2023-09-18","fin":"2023-11-25","matchs_manques":0},{"type":"Blessure \u00e0 l'aine","debut":"2022-08-01","fin":"2022-08-12","matchs_manques":0},{"type":"Blessure \u00e0 l'aine","debut":"2022-01-05","fin":"2022-01-20","matchs_manques":0},{"type":"Foot Injury","debut":"2021-11-22","fin":"2021-11-30","matchs_manques":0},{"type":"Maladie\/Virus","debut":"2021-03-18","fin":"2021-04-01","matchs_manques":0},{"type":"Coup","debut":"2020-10-14","fin":"2020-10-20","matchs_manques":0},{"type":"Coup","debut":"2020-01-30","fin":"2020-03-05","matchs_manques":0}],"pro_depuis":"","club_actuel_url":"","instagram":"","twitter":"","tiktok":"","source_id":"68c342f016b0cf94a83df650","schema_id":"football-players_arnaud-nordin","statistiques":null,"link_club":null,"link_club_test":null,"pied_fort":false,"equipementier":"","dernier_transfert_date":"2022-07-01","dernier_transfert_montant":"Free","contenus":"OK"},"_links":{"self":[{"href":"https:\/\/mvz-sports.com\/fr\/wp-json\/wp\/v2\/joueur\/1325","targetHints":{"allow":["GET"]}}],"collection":[{"href":"https:\/\/mvz-sports.com\/fr\/wp-json\/wp\/v2\/joueur"}],"about":[{"href":"https:\/\/mvz-sports.com\/fr\/wp-json\/wp\/v2\/types\/joueur"}],"author":[{"embeddable":true,"href":"https:\/\/mvz-sports.com\/fr\/wp-json\/wp\/v2\/users\/1"}],"version-history":[{"count":0,"href":"https:\/\/mvz-sports.com\/fr\/wp-json\/wp\/v2\/joueur\/1325\/revisions"}],"acf:post":[{"embeddable":true,"href":"https:\/\/mvz-sports.com\/fr\/wp-json\/wp\/v2\/club\/3117"}],"wp:featuredmedia":[{"embeddable":true,"href":"https:\/\/mvz-sports.com\/fr\/wp-json\/wp\/v2\/media\/31509"}],"wp:attachment":[{"href":"https:\/\/mvz-sports.com\/fr\/wp-json\/wp\/v2\/media?parent=1325"}],"wp:term":[{"taxonomy":"category","embeddable":true,"href":"https:\/\/mvz-sports.com\/fr\/wp-json\/wp\/v2\/categories?post=1325"},{"taxonomy":"post_tag","embeddable":true,"href":"https:\/\/mvz-sports.com\/fr\/wp-json\/wp\/v2\/tags?post=1325"}],"curies":[{"name":"wp","href":"https:\/\/api.w.org\/{rel}","templated":true}]}}

<div class="column column-2">
<div>
</div>
<div>
<p>Arnaud Nordin, né le 17 juin 1998 à Paris, est un footballeur français de 26 ans qui mesure 1,70 m. Il évolue actuellement au poste d&rsquo;attaquant ou d&rsquo;ailier au Montpellier HSC.</p>
</div>
</div>
<p>Formé au Paris 13 Atletico et à l&rsquo;US Créteil, il rejoint le centre de formation de l&rsquo;AS Saint-Étienne en 2013. Il fait ses débuts professionnels en 2016 avec les Verts avant d&rsquo;être prêté à l&rsquo;AS Nancy-Lorraine lors de la saison 2017-2018, où il se révèle en inscrivant plusieurs buts décisifs. De retour à l&rsquo;ASSE, il devient un joueur régulier et important pour l&rsquo;équipe. En 2022, à la fin de son contrat avec Saint-Étienne, Nordin s&rsquo;engage avec Montpellier HSC, où il continue d&rsquo;évoluer en Ligue 1.</p>
<p>International français, Arnaud Nordin a représenté la France dans les équipes de jeunes et a participé aux Jeux olympiques de Tokyo en 2021. Bien que sollicité par la sélection de Martinique en 2022 et 2023, il a décliné ces offres pour se concentrer sur sa carrière en club.</p>
<p>Né d&rsquo;une mère martiniquaise, il a des liens familiaux forts avec la Martinique, où il passait ses vacances dans la commune du Marigot durant son enfance.</p>

<p>Arnaud Nordin, né le 17 juin 1998 à Paris, est un footballeur français de 26 ans qui mesure 1,70 m. Il évolue actuellement au poste d&rsquo;attaquant ou d&rsquo;ailier au Montpellier HSC. Formé au Paris 13 Atletico et à l&rsquo;US Créteil, il rejoint le centre de formation de l&rsquo;AS Saint-Étienne en 2013. Il fait ses débuts [&hellip;]</p>

Prêt

Blessure à la cuisse

Blessure à l'aine
