{"id":1443,"date":"2025-11-27T14:21:12","date_gmt":"2025-11-27T14:21:12","guid":{"rendered":"https:\/\/mvz-sports.com\/fr\/joueur\/malick-martin-fofana\/"},"modified":"2026-01-03T21:37:54","modified_gmt":"2026-01-03T20:37:54","slug":"malick-martin-fofana","status":"publish","type":"joueur","link":"https:\/\/mvz-sports.com\/fr\/football\/players\/malick-martin-fofana","title":{"rendered":"Malick Martin Fofana"},"content":{"rendered":"<div class=\"column column-2\">\n<div>\n<\/div>\n<div>\n<p>Malick Fofana, n\u00e9 le 31 mars 2005 \u00e0 Alost en Belgique, est un footballeur international belge mesurant 1,75 m et \u00e9voluant au poste d&rsquo;attaquant \u00e0 l&rsquo;Olympique lyonnais. Form\u00e9 initialement au FCV Dender EH et \u00e0 l&rsquo;Eendracht Alost, il rejoint ensuite La Gantoise. \u00c0 quinze ans, bien que convoit\u00e9 par de nombreux clubs europ\u00e9ens, il choisit de rester \u00e0 Gand, o\u00f9 il signe son premier contrat professionnel en 2022.<\/p>\n<\/div>\n<\/div>\n<p>Il fait ses d\u00e9buts professionnels avec La Gantoise lors de la Supercoupe de Belgique 2022 contre le Club Bruges, puis inscrit son premier but en d\u00e9cembre de la m\u00eame ann\u00e9e en Coupe de Belgique. En janvier 2024, il est transf\u00e9r\u00e9 \u00e0 l&rsquo;Olympique lyonnais pour 17 millions d&rsquo;euros et marque son premier but en Ligue 1 contre Nantes.<\/p>\n<p>En s\u00e9lection, Fofana est \u00e9ligible pour la Belgique et la Guin\u00e9e, bien qu&rsquo;il choisisse la Belgique. Il repr\u00e9sente les \u00e9quipes de jeunes belges et fait ses d\u00e9buts avec les Diables Rouges en octobre 2024, jouant ses premi\u00e8res minutes face \u00e0 l&rsquo;Italie en Ligue des nations.<\/p>\n","protected":false},"excerpt":{"rendered":"<p>Malick Fofana, n\u00e9 le 31 mars 2005 \u00e0 Alost en Belgique, est un footballeur international belge mesurant 1,75 m et \u00e9voluant au poste d&rsquo;attaquant \u00e0 l&rsquo;Olympique lyonnais. Form\u00e9 initialement au FCV Dender EH et \u00e0 l&rsquo;Eendracht Alost, il rejoint ensuite La Gantoise. \u00c0 quinze ans, bien que convoit\u00e9 par de nombreux clubs europ\u00e9ens, il choisit [&hellip;]<\/p>\n","protected":false},"author":1,"featured_media":32918,"template":"","categories":[1],"tags":[],"class_list":["post-1443","joueur","type-joueur","status-publish","has-post-thumbnail","hentry","category-football"],"acf":{"api_football_id":361348,"club_api_id":"8183","relation_club_actuel":null,"nom_joueur":"Malick Martin Fofana","date_naissance":"2005-03-31","nationalite":"Belgique","taille":"169","poids":"61","poste":"Attaquant","club_actuel":"Belgium U21","logo_club_actuel":"https:\/\/media.api-sports.io\/football\/teams\/8183.png","statistiques_saisons":[{"saison":"2025","competition":"UEFA U21 Championship - Qualification","equipe":"Belgium U21","matchs":8,"buts":0,"passes_decisives":0,"minutes_jouees":547,"note_moyenne":"N\/A","cartons_jaunes":1,"cartons_rouges":0},{"saison":"2025","competition":"UEFA Europa League","equipe":"Lyon","matchs":3,"buts":0,"passes_decisives":0,"minutes_jouees":158,"note_moyenne":"7.1","cartons_jaunes":0,"cartons_rouges":0},{"saison":"2025","competition":"Ligue 1","equipe":"Lyon","matchs":9,"buts":2,"passes_decisives":1,"minutes_jouees":726,"note_moyenne":"7.11","cartons_jaunes":1,"cartons_rouges":0},{"saison":"2024","competition":"Ligue 1","equipe":"Lyon","matchs":29,"buts":5,"passes_decisives":4,"minutes_jouees":1597,"note_moyenne":"7.013793","cartons_jaunes":2,"cartons_rouges":0},{"saison":"2024","competition":"Coupe de France","equipe":"Lyon","matchs":1,"buts":0,"passes_decisives":0,"minutes_jouees":90,"note_moyenne":"6.700000","cartons_jaunes":0,"cartons_rouges":0},{"saison":"2024","competition":"UEFA Europa League","equipe":"Lyon","matchs":10,"buts":6,"passes_decisives":1,"minutes_jouees":513,"note_moyenne":"7.460000","cartons_jaunes":1,"cartons_rouges":0},{"saison":"2024","competition":"World Cup - Qualification Europe","equipe":"Belgium","matchs":4,"buts":1,"passes_decisives":0,"minutes_jouees":142,"note_moyenne":"6.88","cartons_jaunes":0,"cartons_rouges":0},{"saison":"2023","competition":"Ligue 1","equipe":"Lyon","matchs":17,"buts":3,"passes_decisives":0,"minutes_jouees":550,"note_moyenne":"6.770588","cartons_jaunes":0,"cartons_rouges":0},{"saison":"2023","competition":"Jupiler Pro League","equipe":"Gent","matchs":19,"buts":2,"passes_decisives":0,"minutes_jouees":1142,"note_moyenne":"N\/A","cartons_jaunes":1,"cartons_rouges":0},{"saison":"2023","competition":"Coupe de France","equipe":"Lyon","matchs":4,"buts":1,"passes_decisives":0,"minutes_jouees":209,"note_moyenne":"7.233333","cartons_jaunes":0,"cartons_rouges":0},{"saison":"2023","competition":"Cup","equipe":"Gent","matchs":2,"buts":0,"passes_decisives":0,"minutes_jouees":147,"note_moyenne":"N\/A","cartons_jaunes":0,"cartons_rouges":0},{"saison":"2023","competition":"UEFA Europa Conference League","equipe":"Gent","matchs":10,"buts":2,"passes_decisives":0,"minutes_jouees":623,"note_moyenne":"7.180000","cartons_jaunes":0,"cartons_rouges":0}],"historique_transferts":[{"field_transfer_date_v2":"2024-01-10","field_transfer_from_v2":"Gent","field_transfer_from_link":null,"field_transfer_logo_from_v2":"https:\/\/media.api-sports.io\/football\/teams\/631.png","field_transfer_to_v2":"Lyon","field_transfer_logo_to_v2":"https:\/\/media.api-sports.io\/football\/teams\/80.png","field_transfer_type_v2":"\u20ac 17M","date":null,"montant":null,"club_from":null,"club_to":null,"logo_club_from":null,"logo_club_to":null}],"palmares":[{"saison":"2024","competition":"Emirates Cup","pays":"World","resultat":"Finaliste"},{"saison":"2023\/2024","competition":"Coupe de France","pays":"France","resultat":"Finaliste"},{"saison":"2022","competition":"Super Cup","pays":"Belgium","resultat":"Finaliste"},{"saison":"","competition":"Super Cup","pays":"Belgium","resultat":"Finaliste"},{"saison":"","competition":"Coupe de France","pays":"France","resultat":"Finaliste"},{"saison":"","competition":"Emirates Cup","pays":"World","resultat":"Finaliste"}],"historique_blessures":[{"type":"Blessure au mollet","debut":"2025-09-01","fin":"2025-09-03","matchs_manques":0},{"type":"Blessure Genou","debut":"2025-03-20","fin":"2025-04-15","matchs_manques":0},{"type":"Hip Injury","debut":"2025-01-26","fin":"2025-02-07","matchs_manques":0},{"type":"Blessure au mollet","debut":"2024-11-11","fin":"2024-11-21","matchs_manques":0}],"pro_depuis":"","club_actuel_url":"","instagram":"","twitter":"","tiktok":"","source_id":"68c342fa16b0cf94a83df6c5","schema_id":"football-players_malick-fofana","statistiques":null,"link_club":null,"link_club_test":null,"pied_fort":false,"equipementier":"","dernier_transfert_date":"2024-01-10","dernier_transfert_montant":"\u20ac 17M","contenus":"OK"},"_links":{"self":[{"href":"https:\/\/mvz-sports.com\/fr\/wp-json\/wp\/v2\/joueur\/1443","targetHints":{"allow":["GET"]}}],"collection":[{"href":"https:\/\/mvz-sports.com\/fr\/wp-json\/wp\/v2\/joueur"}],"about":[{"href":"https:\/\/mvz-sports.com\/fr\/wp-json\/wp\/v2\/types\/joueur"}],"author":[{"embeddable":true,"href":"https:\/\/mvz-sports.com\/fr\/wp-json\/wp\/v2\/users\/1"}],"version-history":[{"count":0,"href":"https:\/\/mvz-sports.com\/fr\/wp-json\/wp\/v2\/joueur\/1443\/revisions"}],"wp:featuredmedia":[{"embeddable":true,"href":"https:\/\/mvz-sports.com\/fr\/wp-json\/wp\/v2\/media\/32918"}],"wp:attachment":[{"href":"https:\/\/mvz-sports.com\/fr\/wp-json\/wp\/v2\/media?parent=1443"}],"wp:term":[{"taxonomy":"category","embeddable":true,"href":"https:\/\/mvz-sports.com\/fr\/wp-json\/wp\/v2\/categories?post=1443"},{"taxonomy":"post_tag","embeddable":true,"href":"https:\/\/mvz-sports.com\/fr\/wp-json\/wp\/v2\/tags?post=1443"}],"curies":[{"name":"wp","href":"https:\/\/api.w.org\/{rel}","templated":true}]}}

<div class="column column-2">
<div>
</div>
<div>
<p>Malick Fofana, né le 31 mars 2005 à Alost en Belgique, est un footballeur international belge mesurant 1,75 m et évoluant au poste d&rsquo;attaquant à l&rsquo;Olympique lyonnais. Formé initialement au FCV Dender EH et à l&rsquo;Eendracht Alost, il rejoint ensuite La Gantoise. À quinze ans, bien que convoité par de nombreux clubs européens, il choisit de rester à Gand, où il signe son premier contrat professionnel en 2022.</p>
</div>
</div>
<p>Il fait ses débuts professionnels avec La Gantoise lors de la Supercoupe de Belgique 2022 contre le Club Bruges, puis inscrit son premier but en décembre de la même année en Coupe de Belgique. En janvier 2024, il est transféré à l&rsquo;Olympique lyonnais pour 17 millions d&rsquo;euros et marque son premier but en Ligue 1 contre Nantes.</p>
<p>En sélection, Fofana est éligible pour la Belgique et la Guinée, bien qu&rsquo;il choisisse la Belgique. Il représente les équipes de jeunes belges et fait ses débuts avec les Diables Rouges en octobre 2024, jouant ses premières minutes face à l&rsquo;Italie en Ligue des nations.</p>

<p>Malick Fofana, né le 31 mars 2005 à Alost en Belgique, est un footballeur international belge mesurant 1,75 m et évoluant au poste d&rsquo;attaquant à l&rsquo;Olympique lyonnais. Formé initialement au FCV Dender EH et à l&rsquo;Eendracht Alost, il rejoint ensuite La Gantoise. À quinze ans, bien que convoité par de nombreux clubs européens, il choisit [&hellip;]</p>
