{"id":1445,"date":"2025-11-27T14:21:12","date_gmt":"2025-11-27T14:21:12","guid":{"rendered":"https:\/\/mvz-sports.com\/fr\/joueur\/gabriel-silva-moscardo-de-salles\/"},"modified":"2026-01-03T21:37:34","modified_gmt":"2026-01-03T20:37:34","slug":"gabriel-silva-moscardo-de-salles","status":"publish","type":"joueur","link":"https:\/\/mvz-sports.com\/fr\/football\/players\/gabriel-silva-moscardo-de-salles","title":{"rendered":"Gabriel Silva Moscardo de Salles"},"content":{"rendered":"<div class=\"column column-2\">\n<div>\n<\/div>\n<div>\n<p>Gabriel Silva Moscardo de Salles, dit Gabriel Moscardo, n\u00e9 le 28 septembre 2005 \u00e0 Taubat\u00e9 au Br\u00e9sil, est un footballeur international br\u00e9silien mesurant 1,86 m et \u00e9voluant au poste de milieu d\u00e9fensif. Form\u00e9 au SC Corinthians, il y fait ses d\u00e9buts professionnels en 2023, jouant son premier match en Copa Libertadores le 29 juin contre Liverpool F\u00fatbol Club, puis en championnat br\u00e9silien contre le Red Bull Bragantino.<\/p>\n<\/div>\n<\/div>\n<p>En janvier 2024, il signe un contrat avec le Paris Saint-Germain jusqu&rsquo;en 2028, mais rejoint le club fran\u00e7ais en fin de saison en raison d&rsquo;une blessure. Pr\u00eat\u00e9 au Stade de Reims pour la saison 2024-2025, Moscardo est consid\u00e9r\u00e9 par l&rsquo;entra\u00eeneur Luka Elsner comme un joueur tr\u00e8s prometteur, se distinguant par son positionnement et ses comp\u00e9tences d\u00e9fensives, malgr\u00e9 une marge de progression en termes de vitesse.<\/p>\n<p>En s\u00e9lection, Moscardo fait ses d\u00e9buts avec l\u2019\u00e9quipe br\u00e9silienne des moins de 23 ans en septembre 2023 lors d&rsquo;un match contre le Maroc.<\/p>\n","protected":false},"excerpt":{"rendered":"<p>Gabriel Silva Moscardo de Salles, dit Gabriel Moscardo, n\u00e9 le 28 septembre 2005 \u00e0 Taubat\u00e9 au Br\u00e9sil, est un footballeur international br\u00e9silien mesurant 1,86 m et \u00e9voluant au poste de milieu d\u00e9fensif. Form\u00e9 au SC Corinthians, il y fait ses d\u00e9buts professionnels en 2023, jouant son premier match en Copa Libertadores le 29 juin contre [&hellip;]<\/p>\n","protected":false},"author":1,"featured_media":32916,"template":"","categories":[1],"tags":[],"class_list":["post-1445","joueur","type-joueur","status-publish","has-post-thumbnail","hentry","category-football"],"acf":{"api_football_id":415089,"club_api_id":"85","relation_club_actuel":3149,"nom_joueur":"Gabriel Silva Moscardo de Salles","date_naissance":"2005-09-28","nationalite":"Br\u00e9sil","taille":"185","poids":"76","poste":"Milieu de terrain","club_actuel":"Paris Saint Germain","logo_club_actuel":"https:\/\/media.api-sports.io\/football\/teams\/85.png","statistiques_saisons":[{"saison":"2025","competition":"Sudamericano U20","equipe":"Brazil U20","matchs":4,"buts":0,"passes_decisives":0,"minutes_jouees":264,"note_moyenne":"6.625000","cartons_jaunes":1,"cartons_rouges":0},{"saison":"2025","competition":"UEFA Europa League","equipe":"SC Braga","matchs":4,"buts":0,"passes_decisives":0,"minutes_jouees":102,"note_moyenne":"7","cartons_jaunes":0,"cartons_rouges":0},{"saison":"2025","competition":"Primeira Liga","equipe":"SC Braga","matchs":9,"buts":0,"passes_decisives":0,"minutes_jouees":240,"note_moyenne":"6.5","cartons_jaunes":1,"cartons_rouges":0},{"saison":"2024","competition":"Ligue 1","equipe":"Reims","matchs":6,"buts":0,"passes_decisives":0,"minutes_jouees":78,"note_moyenne":"6.460000","cartons_jaunes":1,"cartons_rouges":0},{"saison":"2024","competition":"Ligue 1","equipe":"Paris Saint Germain","matchs":17,"buts":0,"passes_decisives":0,"minutes_jouees":108,"note_moyenne":"6.460000","cartons_jaunes":1,"cartons_rouges":0},{"saison":"2024","competition":"Serie A","equipe":"Corinthians","matchs":2,"buts":0,"passes_decisives":0,"minutes_jouees":81,"note_moyenne":"6.600000","cartons_jaunes":0,"cartons_rouges":0},{"saison":"2024","competition":"Coupe de France","equipe":"Reims","matchs":2,"buts":0,"passes_decisives":0,"minutes_jouees":73,"note_moyenne":"6.850000","cartons_jaunes":0,"cartons_rouges":0},{"saison":"2023","competition":"Serie A","equipe":"Corinthians","matchs":18,"buts":1,"passes_decisives":1,"minutes_jouees":1141,"note_moyenne":"6.775000","cartons_jaunes":6,"cartons_rouges":0},{"saison":"2023","competition":"Copa Do Brasil","equipe":"Corinthians","matchs":2,"buts":0,"passes_decisives":0,"minutes_jouees":178,"note_moyenne":"7.000000","cartons_jaunes":2,"cartons_rouges":0},{"saison":"2023","competition":"CONMEBOL Sudamericana","equipe":"Corinthians","matchs":4,"buts":0,"passes_decisives":0,"minutes_jouees":264,"note_moyenne":"6.625000","cartons_jaunes":1,"cartons_rouges":0},{"saison":"2023","competition":"CONMEBOL Libertadores","equipe":"Corinthians","matchs":1,"buts":0,"passes_decisives":0,"minutes_jouees":11,"note_moyenne":"6.700000","cartons_jaunes":0,"cartons_rouges":0}],"historique_transferts":[{"field_transfer_date_v2":"2025-07-01","field_transfer_from_v2":"Reims","field_transfer_from_link":"3143","field_transfer_logo_from_v2":"https:\/\/media.api-sports.io\/football\/teams\/93.png","field_transfer_to_v2":"Paris Saint Germain","field_transfer_logo_to_v2":"https:\/\/media.api-sports.io\/football\/teams\/85.png","field_transfer_type_v2":"N\/A","date":null,"montant":null,"club_from":null,"club_to":null,"logo_club_from":null,"logo_club_to":null},{"field_transfer_date_v2":"2024-08-21","field_transfer_from_v2":"Paris Saint Germain","field_transfer_from_link":"3149","field_transfer_logo_from_v2":"https:\/\/media.api-sports.io\/football\/teams\/85.png","field_transfer_to_v2":"Reims","field_transfer_logo_to_v2":"https:\/\/media.api-sports.io\/football\/teams\/93.png","field_transfer_type_v2":"Pr\u00eat","date":null,"montant":null,"club_from":null,"club_to":null,"logo_club_from":null,"logo_club_to":null},{"field_transfer_date_v2":"2024-07-01","field_transfer_from_v2":"Corinthians","field_transfer_from_link":null,"field_transfer_logo_from_v2":"https:\/\/media.api-sports.io\/football\/teams\/131.png","field_transfer_to_v2":"Paris Saint Germain","field_transfer_logo_to_v2":"https:\/\/media.api-sports.io\/football\/teams\/85.png","field_transfer_type_v2":"N\/A","date":null,"montant":null,"club_from":null,"club_to":null,"logo_club_from":null,"logo_club_to":null},{"field_transfer_date_v2":"2024-01-26","field_transfer_from_v2":"Paris Saint Germain","field_transfer_from_link":"3149","field_transfer_logo_from_v2":"https:\/\/media.api-sports.io\/football\/teams\/85.png","field_transfer_to_v2":"Corinthians","field_transfer_logo_to_v2":"https:\/\/media.api-sports.io\/football\/teams\/131.png","field_transfer_type_v2":"Pr\u00eat","date":null,"montant":null,"club_from":null,"club_to":null,"logo_club_from":null,"logo_club_to":null},{"field_transfer_date_v2":"2024-01-25","field_transfer_from_v2":"Corinthians","field_transfer_from_link":null,"field_transfer_logo_from_v2":"https:\/\/media.api-sports.io\/football\/teams\/131.png","field_transfer_to_v2":"Paris Saint Germain","field_transfer_logo_to_v2":"https:\/\/media.api-sports.io\/football\/teams\/85.png","field_transfer_type_v2":"\u20ac 20M","date":null,"montant":null,"club_from":null,"club_to":null,"logo_club_from":null,"logo_club_to":null},{"field_transfer_date_v2":"2025-07-19","field_transfer_from_v2":"Paris Saint Germain","field_transfer_from_link":"3149","field_transfer_logo_from_v2":"https:\/\/media.api-sports.io\/football\/teams\/85.png","field_transfer_to_v2":"SC Braga","field_transfer_logo_to_v2":"https:\/\/media.api-sports.io\/football\/teams\/217.png","field_transfer_type_v2":"Pr\u00eat","date":null,"montant":null,"club_from":null,"club_to":null,"logo_club_from":null,"logo_club_to":null},{"field_transfer_date_v2":"2025-06-09","field_transfer_from_v2":"Reims","field_transfer_from_link":"3143","field_transfer_logo_from_v2":"https:\/\/media.api-sports.io\/football\/teams\/93.png","field_transfer_to_v2":"Paris Saint Germain","field_transfer_logo_to_v2":"https:\/\/media.api-sports.io\/football\/teams\/85.png","field_transfer_type_v2":"Return from loan","date":null,"montant":null,"club_from":null,"club_to":null,"logo_club_from":null,"logo_club_to":null},{"field_transfer_date_v2":"2025-07-18","field_transfer_from_v2":"Paris Saint Germain","field_transfer_from_link":"3149","field_transfer_logo_from_v2":"https:\/\/media.api-sports.io\/football\/teams\/85.png","field_transfer_to_v2":"SC Braga","field_transfer_logo_to_v2":"https:\/\/media.api-sports.io\/football\/teams\/217.png","field_transfer_type_v2":"Pr\u00eat","date":null,"montant":null,"club_from":null,"club_to":null,"logo_club_from":null,"logo_club_to":null}],"palmares":[{"saison":"2025","competition":"CONMEBOL U20","pays":"South America","resultat":"Vainqueur"},{"saison":"2025","competition":"FIFA Club World Cup","pays":"World","resultat":"Finaliste"},{"saison":"2024\/2025","competition":"Coupe de France","pays":"France","resultat":"Finaliste"},{"saison":"","competition":"Coupe de France","pays":"France","resultat":"Finaliste"},{"saison":"","competition":"CONMEBOL U20","pays":"South America","resultat":"Vainqueur"},{"saison":"","competition":"FIFA Club World Cup","pays":"World","resultat":"Finaliste"}],"historique_blessures":[{"type":"Blessure Cheville","debut":"2025-05-25","fin":"2025-06-19","matchs_manques":0},{"type":"Blessure musculaire","debut":"2025-02-27","fin":"2025-04-09","matchs_manques":0},{"type":"Hip Injury","debut":"2024-09-13","fin":"2024-10-04","matchs_manques":0}],"pro_depuis":"","club_actuel_url":"","instagram":"","twitter":"","tiktok":"","source_id":"68c342fa16b0cf94a83df6c8","schema_id":"football-players_gabriel-moscardo","statistiques":null,"link_club":null,"link_club_test":null,"pied_fort":false,"equipementier":"","dernier_transfert_date":"2025-07-01","dernier_transfert_montant":"N\/A","contenus":"OK"},"_links":{"self":[{"href":"https:\/\/mvz-sports.com\/fr\/wp-json\/wp\/v2\/joueur\/1445","targetHints":{"allow":["GET"]}}],"collection":[{"href":"https:\/\/mvz-sports.com\/fr\/wp-json\/wp\/v2\/joueur"}],"about":[{"href":"https:\/\/mvz-sports.com\/fr\/wp-json\/wp\/v2\/types\/joueur"}],"author":[{"embeddable":true,"href":"https:\/\/mvz-sports.com\/fr\/wp-json\/wp\/v2\/users\/1"}],"version-history":[{"count":0,"href":"https:\/\/mvz-sports.com\/fr\/wp-json\/wp\/v2\/joueur\/1445\/revisions"}],"acf:post":[{"embeddable":true,"href":"https:\/\/mvz-sports.com\/fr\/wp-json\/wp\/v2\/club\/3149"}],"wp:featuredmedia":[{"embeddable":true,"href":"https:\/\/mvz-sports.com\/fr\/wp-json\/wp\/v2\/media\/32916"}],"wp:attachment":[{"href":"https:\/\/mvz-sports.com\/fr\/wp-json\/wp\/v2\/media?parent=1445"}],"wp:term":[{"taxonomy":"category","embeddable":true,"href":"https:\/\/mvz-sports.com\/fr\/wp-json\/wp\/v2\/categories?post=1445"},{"taxonomy":"post_tag","embeddable":true,"href":"https:\/\/mvz-sports.com\/fr\/wp-json\/wp\/v2\/tags?post=1445"}],"curies":[{"name":"wp","href":"https:\/\/api.w.org\/{rel}","templated":true}]}}

<div class="column column-2">
<div>
</div>
<div>
<p>Gabriel Silva Moscardo de Salles, dit Gabriel Moscardo, né le 28 septembre 2005 à Taubaté au Brésil, est un footballeur international brésilien mesurant 1,86 m et évoluant au poste de milieu défensif. Formé au SC Corinthians, il y fait ses débuts professionnels en 2023, jouant son premier match en Copa Libertadores le 29 juin contre Liverpool Fútbol Club, puis en championnat brésilien contre le Red Bull Bragantino.</p>
</div>
</div>
<p>En janvier 2024, il signe un contrat avec le Paris Saint-Germain jusqu&rsquo;en 2028, mais rejoint le club français en fin de saison en raison d&rsquo;une blessure. Prêté au Stade de Reims pour la saison 2024-2025, Moscardo est considéré par l&rsquo;entraîneur Luka Elsner comme un joueur très prometteur, se distinguant par son positionnement et ses compétences défensives, malgré une marge de progression en termes de vitesse.</p>
<p>En sélection, Moscardo fait ses débuts avec l’équipe brésilienne des moins de 23 ans en septembre 2023 lors d&rsquo;un match contre le Maroc.</p>

<p>Gabriel Silva Moscardo de Salles, dit Gabriel Moscardo, né le 28 septembre 2005 à Taubaté au Brésil, est un footballeur international brésilien mesurant 1,86 m et évoluant au poste de milieu défensif. Formé au SC Corinthians, il y fait ses débuts professionnels en 2023, jouant son premier match en Copa Libertadores le 29 juin contre [&hellip;]</p>

Brésil

Prêt
