{"id":1531,"date":"2025-11-27T14:21:20","date_gmt":"2025-11-27T14:21:20","guid":{"rendered":"https:\/\/mvz-sports.com\/fr\/joueur\/matias-fernandez-pardo\/"},"modified":"2026-01-03T21:29:07","modified_gmt":"2026-01-03T20:29:07","slug":"matias-fernandez-pardo","status":"publish","type":"joueur","link":"https:\/\/mvz-sports.com\/fr\/football\/players\/matias-fernandez-pardo","title":{"rendered":"Matias Fernandez-Pardo"},"content":{"rendered":"<div class=\"column column-2\">\n<div>\n<\/div>\n<div>\n<p>Matias Fernandez-Pardo, n\u00e9 le 3 f\u00e9vrier 2005 \u00e0 Bruxelles en Belgique, est un footballeur international espoir espagnol. Il mesure 1,88 m et \u00e9volue au poste d&rsquo;avant-centre ou d&rsquo;ailier. Joueur droitier, il est actuellement sous contrat avec le LOSC Lille, o\u00f9 il a sign\u00e9 en 2024 pour un montant estim\u00e9 \u00e0 10 millions d&rsquo;euros hors bonus.<\/p>\n<\/div>\n<\/div>\n<p>Form\u00e9 en Belgique au RSC Anderlecht et au KV Malines, il rejoint le LOSC Lille en 2014 avant de retourner dans son pays natal en 2020 pour poursuivre son d\u00e9veloppement \u00e0 La Gantoise. Il dispute ses premi\u00e8res minutes avec l&rsquo;\u00e9quipe premi\u00e8re du club belge le 9 mars 2023 en Ligue Europa Conf\u00e9rence contre l&rsquo;Istanbul Ba\u015fak\u015fehir. Sa mont\u00e9e en puissance lors de la saison suivante, marqu\u00e9e par huit buts en douze matchs, attire l\u2019attention de nombreux clubs europ\u00e9ens. Finalement, en ao\u00fbt 2024, il fait son retour au LOSC Lille avec un contrat de cinq ans.<\/p>\n<p>Fernandez-Pardo a d\u2019abord repr\u00e9sent\u00e9 la Belgique en s\u00e9lection de jeunes, des U15 aux U19, avant de choisir de d\u00e9fendre les couleurs de l\u2019Espagne fin 2024, b\u00e9n\u00e9ficiant de ses origines espagnoles et italiennes. Athl\u00e9tique et mobile malgr\u00e9 son gabarit, il poss\u00e8de une bonne finition devant le but et une capacit\u00e9 \u00e0 \u00e9voluer sur les ailes gr\u00e2ce \u00e0 sa technique et sa vitesse.<\/p>\n","protected":false},"excerpt":{"rendered":"<p>Matias Fernandez-Pardo, n\u00e9 le 3 f\u00e9vrier 2005 \u00e0 Bruxelles en Belgique, est un footballeur international espoir espagnol. Il mesure 1,88 m et \u00e9volue au poste d&rsquo;avant-centre ou d&rsquo;ailier. Joueur droitier, il est actuellement sous contrat avec le LOSC Lille, o\u00f9 il a sign\u00e9 en 2024 pour un montant estim\u00e9 \u00e0 10 millions d&rsquo;euros hors bonus. [&hellip;]<\/p>\n","protected":false},"author":1,"featured_media":32865,"template":"","categories":[1],"tags":[],"class_list":["post-1531","joueur","type-joueur","status-publish","has-post-thumbnail","hentry","category-football"],"acf":{"api_football_id":340077,"club_api_id":"79","relation_club_actuel":3040,"nom_joueur":"Matias Fernandez-Pardo","date_naissance":"2005-02-03","nationalite":"Belgique","taille":"183","poids":"70","poste":"Attaquant","club_actuel":"Lille","logo_club_actuel":"https:\/\/media.api-sports.io\/football\/teams\/79.png","statistiques_saisons":[{"saison":"2025","competition":"UEFA Europa League","equipe":"Lille","matchs":5,"buts":0,"passes_decisives":1,"minutes_jouees":243,"note_moyenne":"6.8","cartons_jaunes":1,"cartons_rouges":0},{"saison":"2025","competition":"Ligue 1","equipe":"Lille","matchs":12,"buts":2,"passes_decisives":3,"minutes_jouees":890,"note_moyenne":"7.13","cartons_jaunes":2,"cartons_rouges":0},{"saison":"2024","competition":"National 3 - Group J","equipe":"Lille II","matchs":1,"buts":0,"passes_decisives":0,"minutes_jouees":81,"note_moyenne":"N\/A","cartons_jaunes":0,"cartons_rouges":0},{"saison":"2024","competition":"UEFA Europa Conference League","equipe":"Gent","matchs":4,"buts":1,"passes_decisives":0,"minutes_jouees":222,"note_moyenne":"N\/A","cartons_jaunes":1,"cartons_rouges":0},{"saison":"2024","competition":"UEFA U19 Championship - Qualification","equipe":"Belgium U19","matchs":6,"buts":3,"passes_decisives":0,"minutes_jouees":450,"note_moyenne":"N\/A","cartons_jaunes":0,"cartons_rouges":0},{"saison":"2023","competition":"UEFA U19 Championship - Qualification","equipe":"Belgium U19","matchs":5,"buts":3,"passes_decisives":0,"minutes_jouees":393,"note_moyenne":"N\/A","cartons_jaunes":0,"cartons_rouges":0},{"saison":"2023","competition":"First Amateur Division","equipe":"KAA Gent II","matchs":12,"buts":2,"passes_decisives":0,"minutes_jouees":954,"note_moyenne":"N\/A","cartons_jaunes":3,"cartons_rouges":0},{"saison":"2023","competition":"UEFA Europa Conference League","equipe":"Gent","matchs":3,"buts":0,"passes_decisives":0,"minutes_jouees":92,"note_moyenne":"N\/A","cartons_jaunes":0,"cartons_rouges":0}],"historique_transferts":[{"field_transfer_date_v2":"2024-08-30","field_transfer_from_v2":"Gent","field_transfer_from_link":null,"field_transfer_logo_from_v2":"https:\/\/media.api-sports.io\/football\/teams\/631.png","field_transfer_to_v2":"Lille","field_transfer_logo_to_v2":"https:\/\/media.api-sports.io\/football\/teams\/79.png","field_transfer_type_v2":"N\/A","date":null,"montant":null,"club_from":null,"club_to":null,"logo_club_from":null,"logo_club_to":null}],"palmares":null,"historique_blessures":[{"type":"Blessure Cheville","debut":"2025-01-05","fin":"2025-02-18","matchs_manques":0},{"type":"Ischio-jambiers","debut":"2024-08-05","fin":"2024-08-10","matchs_manques":0},{"type":"Unknown","debut":"2023-12-02","fin":"2023-12-08","matchs_manques":0}],"pro_depuis":"","club_actuel_url":"","instagram":"","twitter":"","tiktok":"","source_id":"68c3430216b0cf94a83df71e","schema_id":"football-players_matias-fernandez-pardo","statistiques":null,"link_club":null,"link_club_test":null,"pied_fort":false,"equipementier":"","dernier_transfert_date":"2024-08-30","dernier_transfert_montant":"N\/A","contenus":"OK"},"_links":{"self":[{"href":"https:\/\/mvz-sports.com\/fr\/wp-json\/wp\/v2\/joueur\/1531","targetHints":{"allow":["GET"]}}],"collection":[{"href":"https:\/\/mvz-sports.com\/fr\/wp-json\/wp\/v2\/joueur"}],"about":[{"href":"https:\/\/mvz-sports.com\/fr\/wp-json\/wp\/v2\/types\/joueur"}],"author":[{"embeddable":true,"href":"https:\/\/mvz-sports.com\/fr\/wp-json\/wp\/v2\/users\/1"}],"version-history":[{"count":0,"href":"https:\/\/mvz-sports.com\/fr\/wp-json\/wp\/v2\/joueur\/1531\/revisions"}],"acf:post":[{"embeddable":true,"href":"https:\/\/mvz-sports.com\/fr\/wp-json\/wp\/v2\/club\/3040"}],"wp:featuredmedia":[{"embeddable":true,"href":"https:\/\/mvz-sports.com\/fr\/wp-json\/wp\/v2\/media\/32865"}],"wp:attachment":[{"href":"https:\/\/mvz-sports.com\/fr\/wp-json\/wp\/v2\/media?parent=1531"}],"wp:term":[{"taxonomy":"category","embeddable":true,"href":"https:\/\/mvz-sports.com\/fr\/wp-json\/wp\/v2\/categories?post=1531"},{"taxonomy":"post_tag","embeddable":true,"href":"https:\/\/mvz-sports.com\/fr\/wp-json\/wp\/v2\/tags?post=1531"}],"curies":[{"name":"wp","href":"https:\/\/api.w.org\/{rel}","templated":true}]}}

<div class="column column-2">
<div>
</div>
<div>
<p>Matias Fernandez-Pardo, né le 3 février 2005 à Bruxelles en Belgique, est un footballeur international espoir espagnol. Il mesure 1,88 m et évolue au poste d&rsquo;avant-centre ou d&rsquo;ailier. Joueur droitier, il est actuellement sous contrat avec le LOSC Lille, où il a signé en 2024 pour un montant estimé à 10 millions d&rsquo;euros hors bonus.</p>
</div>
</div>
<p>Formé en Belgique au RSC Anderlecht et au KV Malines, il rejoint le LOSC Lille en 2014 avant de retourner dans son pays natal en 2020 pour poursuivre son développement à La Gantoise. Il dispute ses premières minutes avec l&rsquo;équipe première du club belge le 9 mars 2023 en Ligue Europa Conférence contre l&rsquo;Istanbul Başakşehir. Sa montée en puissance lors de la saison suivante, marquée par huit buts en douze matchs, attire l’attention de nombreux clubs européens. Finalement, en août 2024, il fait son retour au LOSC Lille avec un contrat de cinq ans.</p>
<p>Fernandez-Pardo a d’abord représenté la Belgique en sélection de jeunes, des U15 aux U19, avant de choisir de défendre les couleurs de l’Espagne fin 2024, bénéficiant de ses origines espagnoles et italiennes. Athlétique et mobile malgré son gabarit, il possède une bonne finition devant le but et une capacité à évoluer sur les ailes grâce à sa technique et sa vitesse.</p>

<p>Matias Fernandez-Pardo, né le 3 février 2005 à Bruxelles en Belgique, est un footballeur international espoir espagnol. Il mesure 1,88 m et évolue au poste d&rsquo;avant-centre ou d&rsquo;ailier. Joueur droitier, il est actuellement sous contrat avec le LOSC Lille, où il a signé en 2024 pour un montant estimé à 10 millions d&rsquo;euros hors bonus. [&hellip;]</p>
