{"id":929,"date":"2025-11-27T14:20:23","date_gmt":"2025-11-27T14:20:23","guid":{"rendered":"https:\/\/mvz-sports.com\/fr\/joueur\/mario-de-luis-jimenez\/"},"modified":"2026-01-03T23:30:10","modified_gmt":"2026-01-03T22:30:10","slug":"mario-de-luis-jimenez","status":"publish","type":"joueur","link":"https:\/\/mvz-sports.com\/fr\/football\/players\/mario-de-luis-jimenez","title":{"rendered":"Mario de Luis Jim\u00e9nez"},"content":{"rendered":"<div class=\"column column-2\">\n<div>\n<\/div>\n<div>\n<p>Mario de Luis Jim\u00e9nez, n\u00e9 le 5 juin 2002 \u00e0 Madrid, en Espagne, est un footballeur professionnel espagnol qui \u00e9volue au poste de gardien de but. Il mesure 1,85 m\u00e8tre. Mario de Luis a commenc\u00e9 sa carri\u00e8re de jeunes au sein de l&rsquo;acad\u00e9mie La Chimenea avant de rejoindre celle du Real Madrid. Par la suite, il a jou\u00e9 pour les r\u00e9serves du Rayo Vallecano.<\/p>\n<\/div>\n<\/div>\n<p>Au fil de sa carri\u00e8re, Mario de Luis a \u00e9t\u00e9 pr\u00eat\u00e9 \u00e0 plusieurs clubs, renfor\u00e7ant son exp\u00e9rience et ses comp\u00e9tences. Il a jou\u00e9 pour le Real Avil\u00e9s et Xerez Deportivo, tous deux en Segunda Divisi\u00f3n RFEF, o\u00f9 il a particip\u00e9 respectivement \u00e0 6 et 13 matchs durant la saison 2021-2022. En 2022, il est retourn\u00e9 \u00e0 Real Madrid Castilla, disputant 34 matchs lors de la saison 2022-2023 en Primera Federaci\u00f3n, suivis de 8 matchs durant la saison 2023-2024.<\/p>\n<p>Sur la sc\u00e8ne internationale, Mario de Luis a repr\u00e9sent\u00e9 l&rsquo;Espagne au niveau des moins de 18 ans, accumulant de pr\u00e9cieuses exp\u00e9riences en comp\u00e9titions jeunes.<\/p>\n<p>Avec une pr\u00e9sence solide et une capacit\u00e9 \u00e0 anticiper le jeu, Mario de Luis est reconnu pour ses performances en tant que gardien, utilisant sa taille pour dominer dans les situations a\u00e9riennes et faire des arr\u00eats cl\u00e9s.<\/p>\n","protected":false},"excerpt":{"rendered":"<p>Mario de Luis Jim\u00e9nez, n\u00e9 le 5 juin 2002 \u00e0 Madrid, en Espagne, est un footballeur professionnel espagnol qui \u00e9volue au poste de gardien de but. Il mesure 1,85 m\u00e8tre. Mario de Luis a commenc\u00e9 sa carri\u00e8re de jeunes au sein de l&rsquo;acad\u00e9mie La Chimenea avant de rejoindre celle du Real Madrid. Par la suite, [&hellip;]<\/p>\n","protected":false},"author":1,"featured_media":33441,"template":"","categories":[1],"tags":[],"class_list":["post-929","joueur","type-joueur","status-publish","has-post-thumbnail","hentry","category-football"],"acf":{"api_football_id":189997,"club_api_id":"530","relation_club_actuel":3050,"nom_joueur":"Mario de Luis Jim\u00e9nez","date_naissance":"2002-06-05","nationalite":"Espagne","taille":"185","poids":"75","poste":"Gardien de but","club_actuel":"Atletico Madrid","logo_club_actuel":"https:\/\/media.api-sports.io\/football\/teams\/530.png","statistiques_saisons":[{"saison":"2024","competition":"Primera Divisi\u00f3n RFEF - Play Offs","equipe":"Real Madrid II","matchs":11,"buts":0,"passes_decisives":0,"minutes_jouees":990,"note_moyenne":"N\/A","cartons_jaunes":0,"cartons_rouges":0},{"saison":"2023","competition":"Primera Divisi\u00f3n RFEF - Play Offs","equipe":"Real Madrid II","matchs":8,"buts":0,"passes_decisives":0,"minutes_jouees":720,"note_moyenne":"N\/A","cartons_jaunes":0,"cartons_rouges":0}],"historique_transferts":[{"field_transfer_date_v2":"","field_transfer_from_v2":"","field_transfer_from_link":null,"field_transfer_logo_from_v2":"","field_transfer_to_v2":"","field_transfer_logo_to_v2":"","field_transfer_type_v2":"","date":null,"montant":null,"club_from":null,"club_to":null,"logo_club_from":null,"logo_club_to":null},{"field_transfer_date_v2":"","field_transfer_from_v2":"","field_transfer_from_link":null,"field_transfer_logo_from_v2":"","field_transfer_to_v2":"","field_transfer_logo_to_v2":"","field_transfer_type_v2":"","date":null,"montant":null,"club_from":null,"club_to":null,"logo_club_from":null,"logo_club_to":null}],"palmares":[{"saison":"2024","competition":"Super Cup","pays":"Spain","resultat":"Vainqueur"},{"saison":"2023\/2024","competition":"La Liga","pays":"Spain","resultat":"Vainqueur"},{"saison":"2023\/2024","competition":"UEFA Champions League","pays":"Europe","resultat":"Vainqueur"},{"saison":"2022\/2023","competition":"La Liga","pays":"Spain","resultat":"Finaliste"},{"saison":"2022\/2023","competition":"Copa del Rey","pays":"Spain","resultat":"Vainqueur"},{"saison":"","competition":"La Liga","pays":"Spain","resultat":"Vainqueur"},{"saison":"","competition":"La Liga","pays":"Spain","resultat":"Finaliste"},{"saison":"","competition":"Copa del Rey","pays":"Spain","resultat":"Vainqueur"},{"saison":"","competition":"Super Cup","pays":"Spain","resultat":"Vainqueur"},{"saison":"","competition":"UEFA Champions League","pays":"Europe","resultat":"Vainqueur"}],"historique_blessures":null,"pro_depuis":"","club_actuel_url":"","instagram":"","twitter":"","tiktok":"","source_id":"68c342c916b0cf94a83df4b5","schema_id":"football-players_mario-de-luis","statistiques":null,"link_club":null,"link_club_test":null,"pied_fort":false,"equipementier":"","dernier_transfert_date":"2020-10-01","dernier_transfert_montant":"N\/A","contenus":"OK"},"_links":{"self":[{"href":"https:\/\/mvz-sports.com\/fr\/wp-json\/wp\/v2\/joueur\/929","targetHints":{"allow":["GET"]}}],"collection":[{"href":"https:\/\/mvz-sports.com\/fr\/wp-json\/wp\/v2\/joueur"}],"about":[{"href":"https:\/\/mvz-sports.com\/fr\/wp-json\/wp\/v2\/types\/joueur"}],"author":[{"embeddable":true,"href":"https:\/\/mvz-sports.com\/fr\/wp-json\/wp\/v2\/users\/1"}],"version-history":[{"count":0,"href":"https:\/\/mvz-sports.com\/fr\/wp-json\/wp\/v2\/joueur\/929\/revisions"}],"acf:post":[{"embeddable":true,"href":"https:\/\/mvz-sports.com\/fr\/wp-json\/wp\/v2\/club\/3050"}],"wp:featuredmedia":[{"embeddable":true,"href":"https:\/\/mvz-sports.com\/fr\/wp-json\/wp\/v2\/media\/33441"}],"wp:attachment":[{"href":"https:\/\/mvz-sports.com\/fr\/wp-json\/wp\/v2\/media?parent=929"}],"wp:term":[{"taxonomy":"category","embeddable":true,"href":"https:\/\/mvz-sports.com\/fr\/wp-json\/wp\/v2\/categories?post=929"},{"taxonomy":"post_tag","embeddable":true,"href":"https:\/\/mvz-sports.com\/fr\/wp-json\/wp\/v2\/tags?post=929"}],"curies":[{"name":"wp","href":"https:\/\/api.w.org\/{rel}","templated":true}]}}

Mario de Luis Jiménez

<div class="column column-2">
<div>
</div>
<div>
<p>Mario de Luis Jiménez, né le 5 juin 2002 à Madrid, en Espagne, est un footballeur professionnel espagnol qui évolue au poste de gardien de but. Il mesure 1,85 mètre. Mario de Luis a commencé sa carrière de jeunes au sein de l&rsquo;académie La Chimenea avant de rejoindre celle du Real Madrid. Par la suite, il a joué pour les réserves du Rayo Vallecano.</p>
</div>
</div>
<p>Au fil de sa carrière, Mario de Luis a été prêté à plusieurs clubs, renforçant son expérience et ses compétences. Il a joué pour le Real Avilés et Xerez Deportivo, tous deux en Segunda División RFEF, où il a participé respectivement à 6 et 13 matchs durant la saison 2021-2022. En 2022, il est retourné à Real Madrid Castilla, disputant 34 matchs lors de la saison 2022-2023 en Primera Federación, suivis de 8 matchs durant la saison 2023-2024.</p>
<p>Sur la scène internationale, Mario de Luis a représenté l&rsquo;Espagne au niveau des moins de 18 ans, accumulant de précieuses expériences en compétitions jeunes.</p>
<p>Avec une présence solide et une capacité à anticiper le jeu, Mario de Luis est reconnu pour ses performances en tant que gardien, utilisant sa taille pour dominer dans les situations aériennes et faire des arrêts clés.</p>

<p>Mario de Luis Jiménez, né le 5 juin 2002 à Madrid, en Espagne, est un footballeur professionnel espagnol qui évolue au poste de gardien de but. Il mesure 1,85 mètre. Mario de Luis a commencé sa carrière de jeunes au sein de l&rsquo;académie La Chimenea avant de rejoindre celle du Real Madrid. Par la suite, [&hellip;]</p>

Primera División RFEF - Play Offs
