{"id":965,"date":"2025-11-27T14:20:27","date_gmt":"2025-11-27T14:20:27","guid":{"rendered":"https:\/\/mvz-sports.com\/fr\/joueur\/fermin-lopez-marin\/"},"modified":"2026-01-10T19:58:03","modified_gmt":"2026-01-10T18:58:03","slug":"fermin-lopez-martin","status":"publish","type":"joueur","link":"https:\/\/mvz-sports.com\/fr\/football\/players\/fermin-lopez-martin","title":{"rendered":"Ferm\u00edn L\u00f3pez Mart\u00edn"},"content":{"rendered":"<div class=\"column column-2\">\n<div>\n<\/div>\n<div>\n<p>Ferm\u00edn L\u00f3pez, n\u00e9 le 11 mai 2003 \u00e0 El Campillo en Andalousie, est un footballeur international espagnol qui \u00e9volue au poste de milieu de terrain au FC Barcelone. Originaire d&rsquo;El Campillo, province de Huelva, Ferm\u00edn a commenc\u00e9 sa carri\u00e8re au CDFB El Campillo avant de passer par le Recreativo de Huelva, puis par l&rsquo;acad\u00e9mie du Real Betis o\u00f9 il a \u00e9t\u00e9 form\u00e9 de 2012 \u00e0 2016.<\/p>\n<\/div>\n<\/div>\n<p>En 2016, il rejoint le centre de formation du FC Barcelone. Le 23 juin 2023, il signe son premier contrat professionnel avec Barcelone, courant jusqu&rsquo;\u00e0 juin 2026. Il fait ses d\u00e9buts en Ligue des champions le 19 septembre 2023 et marque son premier but dans cette comp\u00e9tition le 25 octobre contre le Chakhtar Donetsk.<\/p>\n<p>En s\u00e9lection, apr\u00e8s avoir repr\u00e9sent\u00e9 les \u00e9quipes jeunes d&rsquo;Espagne, il est appel\u00e9 pour l&rsquo;Euro 2024 par le s\u00e9lectionneur Luis de la Fuente. Ferm\u00edn L\u00f3pez a \u00e9galement marqu\u00e9 les esprits lors des Jeux olympiques de 2024, en inscrivant six buts, dont deux en finale, contribuant ainsi \u00e0 la victoire de l&rsquo;Espagne.<\/p>\n<p>En s\u00e9lection, L\u00f3pez a contribu\u00e9 \u00e0 la victoire de l&rsquo;Espagne au Championnat d&rsquo;Europe 2024 et aux Jeux olympiques la m\u00eame ann\u00e9e, o\u00f9 l&rsquo;Espagne a remport\u00e9 la m\u00e9daille d&rsquo;or.<\/p>\n<p>Ferm\u00edn est reconnu pour sa polyvalence au milieu, capable d&rsquo;\u00e9voluer aussi bien en position d\u00e9fensive qu&rsquo;offensive gr\u00e2ce \u00e0 sa technique et \u00e0 son intelligence de jeu. Son pied fort ambidextre lui permet de s&rsquo;adapter facilement aux diff\u00e9rentes situations de jeu.<\/p>\n","protected":false},"excerpt":{"rendered":"<p>Ferm\u00edn L\u00f3pez, n\u00e9 le 11 mai 2003 \u00e0 El Campillo en Andalousie, est un footballeur international espagnol qui \u00e9volue au poste de milieu de terrain au FC Barcelone. Originaire d&rsquo;El Campillo, province de Huelva, Ferm\u00edn a commenc\u00e9 sa carri\u00e8re au CDFB El Campillo avant de passer par le Recreativo de Huelva, puis par l&rsquo;acad\u00e9mie du [&hellip;]<\/p>\n","protected":false},"author":1,"featured_media":24377,"template":"","categories":[1],"tags":[],"class_list":["post-965","joueur","type-joueur","status-publish","has-post-thumbnail","hentry","category-football"],"acf":{"api_football_id":340626,"club_api_id":"529","relation_club_actuel":3092,"nom_joueur":"Ferm\u00edn L\u00f3pez Mart\u00edn","date_naissance":"2003-05-11","nationalite":"Espagne","taille":"176","poids":"73","poste":"Milieu de terrain","club_actuel":"Barcelona","logo_club_actuel":"https:\/\/media.api-sports.io\/football\/teams\/529.png","statistiques_saisons":[{"saison":"2025","competition":"Friendlies Clubs","equipe":"Barcelona","matchs":1,"buts":0,"passes_decisives":0,"minutes_jouees":89,"note_moyenne":"6.700000","cartons_jaunes":1,"cartons_rouges":0},{"saison":"2025","competition":"UEFA U21 Championship - Qualification","equipe":"Spain U21","matchs":4,"buts":1,"passes_decisives":0,"minutes_jouees":309,"note_moyenne":"N\/A","cartons_jaunes":0,"cartons_rouges":0},{"saison":"2025","competition":"UEFA Champions League","equipe":"Barcelona","matchs":5,"buts":3,"passes_decisives":2,"minutes_jouees":376,"note_moyenne":"7.26","cartons_jaunes":2,"cartons_rouges":0},{"saison":"2025","competition":"Copa del Rey","equipe":"Barcelona","matchs":1,"buts":0,"passes_decisives":0,"minutes_jouees":90,"note_moyenne":"6.6","cartons_jaunes":0,"cartons_rouges":0},{"saison":"2025","competition":"Super Cup","equipe":"Barcelona","matchs":1,"buts":1,"passes_decisives":2,"minutes_jouees":90,"note_moyenne":"8.9","cartons_jaunes":0,"cartons_rouges":0},{"saison":"2025","competition":"La Liga","equipe":"Barcelona","matchs":13,"buts":4,"passes_decisives":4,"minutes_jouees":692,"note_moyenne":"7.1","cartons_jaunes":1,"cartons_rouges":0},{"saison":"2024","competition":"La Liga","equipe":"Barcelona","matchs":30,"buts":6,"passes_decisives":4,"minutes_jouees":1193,"note_moyenne":"6.996153","cartons_jaunes":4,"cartons_rouges":1},{"saison":"2024","competition":"Copa del Rey","equipe":"Barcelona","matchs":4,"buts":1,"passes_decisives":1,"minutes_jouees":253,"note_moyenne":"7.225000","cartons_jaunes":1,"cartons_rouges":0},{"saison":"2024","competition":"Super Cup","equipe":"Barcelona","matchs":2,"buts":0,"passes_decisives":0,"minutes_jouees":27,"note_moyenne":"6.700000","cartons_jaunes":0,"cartons_rouges":0},{"saison":"2024","competition":"UEFA Champions League","equipe":"Barcelona","matchs":12,"buts":1,"passes_decisives":3,"minutes_jouees":450,"note_moyenne":"6.836363","cartons_jaunes":1,"cartons_rouges":0},{"saison":"2024","competition":"Olympics Men","equipe":"Spain U23","matchs":12,"buts":1,"passes_decisives":3,"minutes_jouees":450,"note_moyenne":"6.836363","cartons_jaunes":1,"cartons_rouges":0},{"saison":"2024","competition":"Friendlies","equipe":"Spain","matchs":1,"buts":0,"passes_decisives":0,"minutes_jouees":28,"note_moyenne":"N\/A","cartons_jaunes":0,"cartons_rouges":0},{"saison":"2024","competition":"Euro Championship","equipe":"Spain","matchs":1,"buts":0,"passes_decisives":0,"minutes_jouees":28,"note_moyenne":"6.2","cartons_jaunes":0,"cartons_rouges":0},{"saison":"2024","competition":"World Cup - Qualification Europe","equipe":"Spain","matchs":3,"buts":0,"passes_decisives":0,"minutes_jouees":66,"note_moyenne":"6.7","cartons_jaunes":0,"cartons_rouges":0},{"saison":"2023","competition":"La Liga","equipe":"Barcelona","matchs":37,"buts":8,"passes_decisives":0,"minutes_jouees":1451,"note_moyenne":"6.920000","cartons_jaunes":2,"cartons_rouges":0},{"saison":"2023","competition":"Primera Divisi\u00f3n RFEF - Play Offs","equipe":"Barcelona B","matchs":1,"buts":0,"passes_decisives":0,"minutes_jouees":47,"note_moyenne":"N\/A","cartons_jaunes":1,"cartons_rouges":0},{"saison":"2023","competition":"Copa del Rey","equipe":"Barcelona","matchs":2,"buts":1,"passes_decisives":0,"minutes_jouees":151,"note_moyenne":"6.700000","cartons_jaunes":0,"cartons_rouges":0},{"saison":"2023","competition":"UEFA Champions League","equipe":"Barcelona","matchs":8,"buts":2,"passes_decisives":0,"minutes_jouees":276,"note_moyenne":"6.875000","cartons_jaunes":2,"cartons_rouges":0},{"saison":"2023","competition":"Friendlies Clubs","equipe":"Barcelona","matchs":4,"buts":1,"passes_decisives":0,"minutes_jouees":121,"note_moyenne":"N\/A","cartons_jaunes":1,"cartons_rouges":0}],"historique_transferts":[{"field_transfer_date_v2":"2023-07-01","field_transfer_from_v2":"Linares Deportivo","field_transfer_from_link":null,"field_transfer_logo_from_v2":"https:\/\/media.api-sports.io\/football\/teams\/9398.png","field_transfer_to_v2":"Barcelona","field_transfer_logo_to_v2":"https:\/\/media.api-sports.io\/football\/teams\/529.png","field_transfer_type_v2":"N\/A","date":null,"montant":null,"club_from":null,"club_to":null,"logo_club_from":null,"logo_club_to":null}],"palmares":[{"saison":"2025","competition":"Trofeo Joan Gamper","pays":"World","resultat":"Vainqueur"},{"saison":"2025","competition":"Super Cup","pays":"Spain","resultat":"Vainqueur"},{"saison":"2024\/2026","competition":"UEFA Nations League","pays":"Europe","resultat":"Finaliste"},{"saison":"2024\/2025","competition":"La Liga","pays":"Spain","resultat":"Vainqueur"},{"saison":"2024\/2025","competition":"Copa del Rey","pays":"Spain","resultat":"Vainqueur"},{"saison":"2024","competition":"Trofeo Joan Gamper","pays":"World","resultat":"Finaliste"},{"saison":"2024","competition":"Super Cup","pays":"Spain","resultat":"Finaliste"},{"saison":"2024","competition":"UEFA European Championship","pays":"Europe","resultat":"Vainqueur"},{"saison":"2024","competition":"Olympics Men","pays":"World","resultat":"Vainqueur"},{"saison":"2023\/2024","competition":"La Liga","pays":"Spain","resultat":"Finaliste"},{"saison":"2023","competition":"Trofeo Joan Gamper","pays":"World","resultat":"Vainqueur"},{"saison":"2021\/2022","competition":"Divisi\u00f3n de Honor Juvenil","pays":"Spain","resultat":"Vainqueur"},{"saison":"","competition":"Divisi\u00f3n de Honor Juvenil","pays":"Spain","resultat":"Vainqueur"},{"saison":"","competition":"Trofeo Joan Gamper","pays":"World","resultat":"Vainqueur"},{"saison":"","competition":"Trofeo Joan Gamper","pays":"World","resultat":"Finaliste"},{"saison":"","competition":"La Liga","pays":"Spain","resultat":"Vainqueur"},{"saison":"","competition":"La Liga","pays":"Spain","resultat":"Finaliste"},{"saison":"","competition":"Super Cup","pays":"Spain","resultat":"Vainqueur"},{"saison":"","competition":"Super Cup","pays":"Spain","resultat":"Finaliste"},{"saison":"","competition":"Copa del Rey","pays":"Spain","resultat":"Vainqueur"},{"saison":"","competition":"UEFA European Championship","pays":"Europe","resultat":"Vainqueur"},{"saison":"","competition":"Olympics Men","pays":"World","resultat":"Vainqueur"},{"saison":"","competition":"UEFA Nations League","pays":"Europe","resultat":"Finaliste"}],"historique_blessures":[{"type":"Blessure \u00e0 la cuisse","debut":"2024-09-03","fin":"2024-10-14","matchs_manques":0}],"pro_depuis":"","club_actuel_url":"","instagram":"","twitter":"","tiktok":"","source_id":"68c342cb16b0cf94a83df4d4","schema_id":"football-players_fermin-lopez","statistiques":null,"link_club":null,"link_club_test":null,"pied_fort":false,"equipementier":"","dernier_transfert_date":"2023-07-01","dernier_transfert_montant":"N\/A","contenus":"OK"},"_links":{"self":[{"href":"https:\/\/mvz-sports.com\/fr\/wp-json\/wp\/v2\/joueur\/965","targetHints":{"allow":["GET"]}}],"collection":[{"href":"https:\/\/mvz-sports.com\/fr\/wp-json\/wp\/v2\/joueur"}],"about":[{"href":"https:\/\/mvz-sports.com\/fr\/wp-json\/wp\/v2\/types\/joueur"}],"author":[{"embeddable":true,"href":"https:\/\/mvz-sports.com\/fr\/wp-json\/wp\/v2\/users\/1"}],"version-history":[{"count":0,"href":"https:\/\/mvz-sports.com\/fr\/wp-json\/wp\/v2\/joueur\/965\/revisions"}],"acf:post":[{"embeddable":true,"href":"https:\/\/mvz-sports.com\/fr\/wp-json\/wp\/v2\/club\/3092"}],"wp:featuredmedia":[{"embeddable":true,"href":"https:\/\/mvz-sports.com\/fr\/wp-json\/wp\/v2\/media\/24377"}],"wp:attachment":[{"href":"https:\/\/mvz-sports.com\/fr\/wp-json\/wp\/v2\/media?parent=965"}],"wp:term":[{"taxonomy":"category","embeddable":true,"href":"https:\/\/mvz-sports.com\/fr\/wp-json\/wp\/v2\/categories?post=965"},{"taxonomy":"post_tag","embeddable":true,"href":"https:\/\/mvz-sports.com\/fr\/wp-json\/wp\/v2\/tags?post=965"}],"curies":[{"name":"wp","href":"https:\/\/api.w.org\/{rel}","templated":true}]}}

Fermín López Martín

<div class="column column-2">
<div>
</div>
<div>
<p>Fermín López, né le 11 mai 2003 à El Campillo en Andalousie, est un footballeur international espagnol qui évolue au poste de milieu de terrain au FC Barcelone. Originaire d&rsquo;El Campillo, province de Huelva, Fermín a commencé sa carrière au CDFB El Campillo avant de passer par le Recreativo de Huelva, puis par l&rsquo;académie du Real Betis où il a été formé de 2012 à 2016.</p>
</div>
</div>
<p>En 2016, il rejoint le centre de formation du FC Barcelone. Le 23 juin 2023, il signe son premier contrat professionnel avec Barcelone, courant jusqu&rsquo;à juin 2026. Il fait ses débuts en Ligue des champions le 19 septembre 2023 et marque son premier but dans cette compétition le 25 octobre contre le Chakhtar Donetsk.</p>
<p>En sélection, après avoir représenté les équipes jeunes d&rsquo;Espagne, il est appelé pour l&rsquo;Euro 2024 par le sélectionneur Luis de la Fuente. Fermín López a également marqué les esprits lors des Jeux olympiques de 2024, en inscrivant six buts, dont deux en finale, contribuant ainsi à la victoire de l&rsquo;Espagne.</p>
<p>En sélection, López a contribué à la victoire de l&rsquo;Espagne au Championnat d&rsquo;Europe 2024 et aux Jeux olympiques la même année, où l&rsquo;Espagne a remporté la médaille d&rsquo;or.</p>
<p>Fermín est reconnu pour sa polyvalence au milieu, capable d&rsquo;évoluer aussi bien en position défensive qu&rsquo;offensive grâce à sa technique et à son intelligence de jeu. Son pied fort ambidextre lui permet de s&rsquo;adapter facilement aux différentes situations de jeu.</p>

<p>Fermín López, né le 11 mai 2003 à El Campillo en Andalousie, est un footballeur international espagnol qui évolue au poste de milieu de terrain au FC Barcelone. Originaire d&rsquo;El Campillo, province de Huelva, Fermín a commencé sa carrière au CDFB El Campillo avant de passer par le Recreativo de Huelva, puis par l&rsquo;académie du [&hellip;]</p>

Primera División RFEF - Play Offs

División de Honor Juvenil

Blessure à la cuisse
